CRAN Package Check Results for Package NCSCopula

Last updated on 2025-01-19 05:49:15 CET.

Flavor Version Tinstall Tcheck Ttotal Status Flags
r-devel-linux-x86_64-debian-clang 1.0.1 7.53 63.85 71.38 OK
r-devel-linux-x86_64-debian-gcc 1.0.1 5.79 47.78 53.57 OK
r-devel-linux-x86_64-fedora-clang 1.0.1 119.22 OK
r-devel-linux-x86_64-fedora-gcc 1.0.1 115.46 OK
r-devel-windows-x86_64 1.0.1 9.00 75.00 84.00 OK
r-patched-linux-x86_64 1.0.1 7.84 60.02 67.86 NOTE
r-release-linux-x86_64 1.0.1 6.10 60.58 66.68 NOTE
r-release-macos-arm64 1.0.1 33.00 NOTE
r-release-macos-x86_64 1.0.1 51.00 NOTE
r-release-windows-x86_64 1.0.1 8.00 77.00 85.00 NOTE
r-oldrel-macos-arm64 1.0.1 39.00 NOTE
r-oldrel-macos-x86_64 1.0.1 64.00 NOTE
r-oldrel-windows-x86_64 1.0.1 10.00 87.00 97.00 NOTE

Check Details

Version: 1.0.1
Check: LazyData
Result: NOTE 'LazyData' is specified without a 'data' directory Flavors: r-patched-linux-x86_64, r-release-linux-x86_64, r-release-macos-arm64, r-release-macos-x86_64, r-release-windows-x86_64, r-oldrel-macos-arm64, r-oldrel-macos-x86_64, r-oldrel-windows-x86_64