Last updated on 2024-05-01 16:53:02 CEST.
Flavor | Version | Tinstall | Tcheck | Ttotal | Status | Flags |
---|---|---|---|---|---|---|
r-devel-linux-x86_64-debian-clang | 0.1.0 | 40.04 | 79.56 | 119.60 | OK | |
r-devel-linux-x86_64-debian-gcc | 0.1.0 | 30.18 | 58.17 | 88.35 | OK | |
r-devel-linux-x86_64-fedora-clang | 0.1.0 | 149.97 | NOTE | |||
r-devel-linux-x86_64-fedora-gcc | 0.1.0 | 168.82 | NOTE | |||
r-devel-windows-x86_64 | 0.1.0 | 30.00 | 94.00 | 124.00 | OK | |
r-patched-linux-x86_64 | 0.1.0 | 33.19 | 76.10 | 109.29 | OK | |
r-release-linux-x86_64 | 0.1.0 | 41.20 | 76.98 | 118.18 | OK | |
r-release-macos-arm64 | 0.1.0 | 46.00 | NOTE | |||
r-release-windows-x86_64 | 0.1.0 | 30.00 | 96.00 | 126.00 | OK | |
r-oldrel-macos-arm64 | 0.1.0 | 54.00 | NOTE | |||
r-oldrel-macos-x86_64 | 0.1.0 | 77.00 | NOTE | |||
r-oldrel-windows-x86_64 | 0.1.0 | 38.00 | 112.00 | 150.00 | OK |
Version: 0.1.0
Check: dependencies in R code
Result: NOTE
Namespaces in Imports field not imported from:
‘MASS’ ‘fields’ ‘mvtnorm’
All declared Imports should be used.
Flavors: r-devel-linux-x86_64-fedora-clang, r-devel-linux-x86_64-fedora-gcc
Version: 0.1.0
Check: installed package size
Result: NOTE
installed size is 6.8Mb
sub-directories of 1Mb or more:
data 1.5Mb
libs 4.4Mb
Flavors: r-release-macos-arm64, r-oldrel-macos-arm64, r-oldrel-macos-x86_64