CRAN Package Check Results for Package NCutYX

Last updated on 2025-01-19 05:49:15 CET.

Flavor Version Tinstall Tcheck Ttotal Status Flags
r-devel-linux-x86_64-debian-clang 0.1.0 22.45 61.75 84.20 OK
r-devel-linux-x86_64-debian-gcc 0.1.0 17.03 45.81 62.84 OK
r-devel-linux-x86_64-fedora-clang 0.1.0 147.96 NOTE
r-devel-linux-x86_64-fedora-gcc 0.1.0 161.67 NOTE
r-devel-windows-x86_64 0.1.0 25.00 100.00 125.00 OK
r-patched-linux-x86_64 0.1.0 24.79 59.92 84.71 OK
r-release-linux-x86_64 0.1.0 24.23 59.31 83.54 OK
r-release-macos-arm64 0.1.0 46.00 NOTE
r-release-macos-x86_64 0.1.0 68.00 NOTE
r-release-windows-x86_64 0.1.0 23.00 97.00 120.00 OK
r-oldrel-macos-arm64 0.1.0 54.00 NOTE
r-oldrel-macos-x86_64 0.1.0 77.00 NOTE
r-oldrel-windows-x86_64 0.1.0 30.00 113.00 143.00 OK

Check Details

Version: 0.1.0
Check: dependencies in R code
Result: NOTE Namespaces in Imports field not imported from: ‘MASS’ ‘fields’ ‘mvtnorm’ All declared Imports should be used. Flavors: r-devel-linux-x86_64-fedora-clang, r-devel-linux-x86_64-fedora-gcc

Version: 0.1.0
Check: installed package size
Result: NOTE installed size is 6.8Mb sub-directories of 1Mb or more: data 1.5Mb libs 4.4Mb Flavors: r-release-macos-arm64, r-release-macos-x86_64, r-oldrel-macos-arm64, r-oldrel-macos-x86_64