Last updated on 2025-01-19 05:49:15 CET.
Flavor | Version | Tinstall | Tcheck | Ttotal | Status | Flags |
---|---|---|---|---|---|---|
r-devel-linux-x86_64-debian-clang | 1.2.1 | 3.51 | 115.72 | 119.23 | OK | |
r-devel-linux-x86_64-debian-gcc | 1.2.1 | 2.55 | 62.19 | 64.74 | OK | |
r-devel-linux-x86_64-fedora-clang | 1.2.1 | 180.89 | NOTE | |||
r-devel-linux-x86_64-fedora-gcc | 1.2.1 | 183.48 | NOTE | |||
r-devel-windows-x86_64 | 1.2.1 | 5.00 | 113.00 | 118.00 | OK | |
r-patched-linux-x86_64 | 1.2.1 | 4.29 | 93.92 | 98.21 | OK | |
r-release-linux-x86_64 | 1.2.1 | 3.76 | 94.36 | 98.12 | OK | |
r-release-macos-arm64 | 1.2.1 | 107.00 | OK | |||
r-release-macos-x86_64 | 1.2.1 | 80.00 | OK | |||
r-release-windows-x86_64 | 1.2.1 | 6.00 | 114.00 | 120.00 | OK | |
r-oldrel-macos-arm64 | 1.2.1 | 48.00 | OK | |||
r-oldrel-macos-x86_64 | 1.2.1 | 76.00 | OK | |||
r-oldrel-windows-x86_64 | 1.2.1 | 6.00 | 126.00 | 132.00 | OK |
Version: 1.2.1
Check: dependencies in R code
Result: NOTE
Namespaces in Imports field not imported from:
‘Rdpack’ ‘curl’ ‘mathjaxr’
All declared Imports should be used.
Flavors: r-devel-linux-x86_64-fedora-clang, r-devel-linux-x86_64-fedora-gcc