CRAN Package Check Results for Package NFLSimulatoR

Last updated on 2025-01-19 05:49:15 CET.

Flavor Version Tinstall Tcheck Ttotal Status Flags
r-devel-linux-x86_64-debian-clang 0.4.0 2.86 47.95 50.81 OK
r-devel-linux-x86_64-debian-gcc 0.4.0 1.74 37.52 39.26 OK
r-devel-linux-x86_64-fedora-clang 0.4.0 82.25 NOTE
r-devel-linux-x86_64-fedora-gcc 0.4.0 98.02 NOTE
r-devel-windows-x86_64 0.4.0 4.00 65.00 69.00 OK
r-patched-linux-x86_64 0.4.0 2.69 49.33 52.02 OK
r-release-linux-x86_64 0.4.0 3.05 49.81 52.86 OK
r-release-macos-arm64 0.4.0 38.00 OK
r-release-macos-x86_64 0.4.0 52.00 OK
r-release-windows-x86_64 0.4.0 4.00 64.00 68.00 OK
r-oldrel-macos-arm64 0.4.0 38.00 OK
r-oldrel-macos-x86_64 0.4.0 46.00 OK
r-oldrel-windows-x86_64 0.4.0 5.00 71.00 76.00 OK

Check Details

Version: 0.4.0
Check: dependencies in R code
Result: NOTE Namespace in Imports field not imported from: ‘nflfastR’ All declared Imports should be used. Flavors: r-devel-linux-x86_64-fedora-clang, r-devel-linux-x86_64-fedora-gcc