Last updated on 2025-01-19 05:49:15 CET.
Flavor | Version | Tinstall | Tcheck | Ttotal | Status | Flags |
---|---|---|---|---|---|---|
r-devel-linux-x86_64-debian-clang | 1.0.4 | 19.59 | 79.10 | 98.69 | OK | |
r-devel-linux-x86_64-debian-gcc | 1.0.4 | 11.93 | 55.30 | 67.23 | OK | |
r-devel-linux-x86_64-fedora-clang | 1.0.4 | 171.52 | OK | |||
r-devel-linux-x86_64-fedora-gcc | 1.0.4 | 154.50 | OK | |||
r-devel-windows-x86_64 | 1.0.4 | 22.00 | 142.00 | 164.00 | OK | |
r-patched-linux-x86_64 | 1.0.4 | 18.85 | 75.31 | 94.16 | NOTE | |
r-release-linux-x86_64 | 1.0.4 | 17.82 | 75.94 | 93.76 | NOTE | |
r-release-macos-arm64 | 1.0.4 | 44.00 | NOTE | |||
r-release-macos-x86_64 | 1.0.4 | 101.00 | NOTE | |||
r-release-windows-x86_64 | 1.0.4 | 21.00 | 140.00 | 161.00 | NOTE | |
r-oldrel-macos-arm64 | 1.0.4 | 48.00 | NOTE | |||
r-oldrel-macos-x86_64 | 1.0.4 | 98.00 | NOTE | |||
r-oldrel-windows-x86_64 | 1.0.4 | 25.00 | 155.00 | 180.00 | NOTE |
Version: 1.0.4
Check: package dependencies
Result: NOTE
Packages which this enhances but not available for checking:
'NGCHMDemoData', 'NGCHMSupportFiles'
Flavors: r-patched-linux-x86_64, r-release-linux-x86_64, r-release-macos-arm64, r-release-macos-x86_64, r-release-windows-x86_64, r-oldrel-macos-arm64, r-oldrel-macos-x86_64, r-oldrel-windows-x86_64