Last updated on 2024-05-01 16:53:02 CEST.
Flavor | Version | Tinstall | Tcheck | Ttotal | Status | Flags |
---|---|---|---|---|---|---|
r-devel-linux-x86_64-debian-clang | 1.0.2 | 20.44 | 103.22 | 123.66 | NOTE | |
r-devel-linux-x86_64-debian-gcc | 1.0.2 | 15.36 | 74.69 | 90.05 | NOTE | |
r-devel-linux-x86_64-fedora-clang | 1.0.2 | 155.06 | NOTE | |||
r-devel-linux-x86_64-fedora-gcc | 1.0.2 | 157.38 | NOTE | |||
r-devel-windows-x86_64 | 1.0.2 | 21.00 | 133.00 | 154.00 | NOTE | |
r-patched-linux-x86_64 | 1.0.2 | 24.71 | 97.00 | 121.71 | NOTE | |
r-release-linux-x86_64 | 1.0.2 | 21.80 | 98.65 | 120.45 | NOTE | |
r-release-macos-arm64 | 1.0.2 | 42.00 | NOTE | |||
r-release-macos-x86_64 | 1.0.2 | 125.00 | NOTE | |||
r-release-windows-x86_64 | 1.0.2 | 22.00 | 137.00 | 159.00 | NOTE | |
r-oldrel-macos-arm64 | 1.0.2 | 50.00 | NOTE | |||
r-oldrel-macos-x86_64 | 1.0.2 | 104.00 | NOTE | |||
r-oldrel-windows-x86_64 | 1.0.2 | 29.00 | 147.00 | 176.00 | NOTE |
Version: 1.0.2
Check: package dependencies
Result: NOTE
Packages which this enhances but not available for checking:
'NGCHMDemoData', 'NGCHMSupportFiles'
Flavors: r-devel-linux-x86_64-debian-clang, r-devel-linux-x86_64-debian-gcc, r-devel-linux-x86_64-fedora-clang, r-devel-linux-x86_64-fedora-gcc, r-devel-windows-x86_64, r-patched-linux-x86_64, r-release-linux-x86_64, r-release-macos-arm64, r-release-macos-x86_64, r-release-windows-x86_64, r-oldrel-macos-arm64, r-oldrel-macos-x86_64, r-oldrel-windows-x86_64