Last updated on 2024-05-01 16:53:02 CEST.
Flavor | Version | Tinstall | Tcheck | Ttotal | Status | Flags |
---|---|---|---|---|---|---|
r-devel-linux-x86_64-debian-clang | 2.1.0 | 3.25 | 25.04 | 28.29 | NOTE | |
r-devel-linux-x86_64-debian-gcc | 2.1.0 | 2.50 | 19.60 | 22.10 | NOTE | |
r-devel-linux-x86_64-fedora-clang | 2.1.0 | 35.99 | NOTE | |||
r-devel-linux-x86_64-fedora-gcc | 2.1.0 | 35.23 | NOTE | |||
r-devel-windows-x86_64 | 2.1.0 | 3.00 | 41.00 | 44.00 | NOTE | |
r-patched-linux-x86_64 | 2.1.0 | 3.12 | 24.32 | 27.44 | NOTE | |
r-release-linux-x86_64 | 2.1.0 | 2.57 | 24.67 | 27.24 | NOTE | |
r-release-macos-arm64 | 2.1.0 | 17.00 | NOTE | |||
r-release-windows-x86_64 | 2.1.0 | 3.00 | 41.00 | 44.00 | NOTE | |
r-oldrel-macos-arm64 | 2.1.0 | 17.00 | OK | |||
r-oldrel-macos-x86_64 | 2.1.0 | 23.00 | OK | |||
r-oldrel-windows-x86_64 | 2.1.0 | 5.00 | 41.00 | 46.00 | OK |
Version: 2.1.0
Check: Rd files
Result: NOTE
checkRd: (-1) NHANES.Rd:278: Lost braces
278 | \code{AgeFirstMarij}{Age participant first tried marijuana. Reported for participants aged 18 to 59 years.}
| ^
Flavors: r-devel-linux-x86_64-debian-clang, r-devel-linux-x86_64-debian-gcc, r-devel-linux-x86_64-fedora-clang, r-devel-linux-x86_64-fedora-gcc, r-devel-windows-x86_64, r-patched-linux-x86_64, r-release-linux-x86_64, r-release-macos-arm64, r-release-windows-x86_64