Last updated on 2024-05-01 16:53:02 CEST.
Flavor | Version | Tinstall | Tcheck | Ttotal | Status | Flags |
---|---|---|---|---|---|---|
r-devel-linux-x86_64-debian-clang | 0.1.0 | 5.94 | 167.82 | 173.76 | OK | |
r-devel-linux-x86_64-debian-gcc | 0.1.0 | 4.97 | 120.98 | 125.95 | OK | |
r-devel-linux-x86_64-fedora-clang | 0.1.0 | 212.03 | NOTE | |||
r-devel-linux-x86_64-fedora-gcc | 0.1.0 | 234.28 | NOTE | |||
r-devel-windows-x86_64 | 0.1.0 | 7.00 | 121.00 | 128.00 | OK | |
r-patched-linux-x86_64 | 0.1.0 | 5.38 | 156.53 | 161.91 | OK | |
r-release-linux-x86_64 | 0.1.0 | 6.70 | 155.26 | 161.96 | OK | |
r-release-macos-arm64 | 0.1.0 | 61.00 | OK | |||
r-release-windows-x86_64 | 0.1.0 | 7.00 | 124.00 | 131.00 | OK | |
r-oldrel-macos-arm64 | 0.1.0 | 63.00 | OK | |||
r-oldrel-macos-x86_64 | 0.1.0 | 104.00 | OK | |||
r-oldrel-windows-x86_64 | 0.1.0 | 9.00 | 156.00 | 165.00 | OK |
Version: 0.1.0
Check: dependencies in R code
Result: NOTE
Namespaces in Imports field not imported from:
‘NHSRdatasets’ ‘grid’ ‘utils’
All declared Imports should be used.
Flavors: r-devel-linux-x86_64-fedora-clang, r-devel-linux-x86_64-fedora-gcc