CRAN Package Check Results for Package NHSRplotthedots

Last updated on 2025-01-19 05:49:15 CET.

Flavor Version Tinstall Tcheck Ttotal Status Flags
r-devel-linux-x86_64-debian-clang 0.1.0 5.69 128.87 134.56 OK
r-devel-linux-x86_64-debian-gcc 0.1.0 3.61 86.90 90.51 OK
r-devel-linux-x86_64-fedora-clang 0.1.0 231.45 NOTE
r-devel-linux-x86_64-fedora-gcc 0.1.0 219.48 NOTE
r-devel-windows-x86_64 0.1.0 6.00 130.00 136.00 OK
r-patched-linux-x86_64 0.1.0 5.22 120.26 125.48 OK
r-release-linux-x86_64 0.1.0 4.73 118.42 123.15 OK
r-release-macos-arm64 0.1.0 61.00 OK
r-release-macos-x86_64 0.1.0 132.00 OK
r-release-windows-x86_64 0.1.0 7.00 128.00 135.00 OK
r-oldrel-macos-arm64 0.1.0 63.00 OK
r-oldrel-macos-x86_64 0.1.0 104.00 OK
r-oldrel-windows-x86_64 0.1.0 8.00 154.00 162.00 OK

Check Details

Version: 0.1.0
Check: dependencies in R code
Result: NOTE Namespaces in Imports field not imported from: ‘NHSRdatasets’ ‘grid’ ‘utils’ All declared Imports should be used. Flavors: r-devel-linux-x86_64-fedora-clang, r-devel-linux-x86_64-fedora-gcc