Last updated on 2025-01-19 05:49:15 CET.
Flavor | Version | Tinstall | Tcheck | Ttotal | Status | Flags |
---|---|---|---|---|---|---|
r-devel-linux-x86_64-debian-clang | 0.28 | 32.79 | 563.19 | 595.98 | OK | |
r-devel-linux-x86_64-debian-gcc | 0.28 | 22.82 | 388.64 | 411.46 | OK | |
r-devel-linux-x86_64-fedora-clang | 0.28 | 1011.19 | OK | |||
r-devel-linux-x86_64-fedora-gcc | 0.28 | 971.08 | OK | |||
r-devel-windows-x86_64 | 0.28 | 36.00 | 566.00 | 602.00 | OK | |
r-patched-linux-x86_64 | 0.28 | 36.20 | 529.40 | 565.60 | OK | |
r-release-linux-x86_64 | 0.28 | 28.53 | 523.86 | 552.39 | OK | |
r-release-macos-arm64 | 0.28 | 318.00 | NOTE | |||
r-release-macos-x86_64 | 0.28 | 941.00 | NOTE | |||
r-release-windows-x86_64 | 0.28 | 36.00 | 555.00 | 591.00 | OK | |
r-oldrel-macos-arm64 | 0.28 | 432.00 | NOTE | |||
r-oldrel-macos-x86_64 | 0.28 | 872.00 | NOTE | |||
r-oldrel-windows-x86_64 | 0.28 | 44.00 | 697.00 | 741.00 | OK |
Version: 0.28
Check: package dependencies
Result: NOTE
Package suggested but not available for checking: ‘doMPI’
Flavors: r-release-macos-arm64, r-release-macos-x86_64, r-oldrel-macos-arm64, r-oldrel-macos-x86_64