Last updated on 2025-01-19 05:49:15 CET.
Flavor | Version | Tinstall | Tcheck | Ttotal | Status | Flags |
---|---|---|---|---|---|---|
r-devel-linux-x86_64-debian-clang | 0.1.5 | 8.47 | 59.85 | 68.32 | OK | |
r-devel-linux-x86_64-debian-gcc | 0.1.5 | 5.94 | 40.07 | 46.01 | OK | |
r-devel-linux-x86_64-fedora-clang | 0.1.5 | 107.28 | OK | |||
r-devel-linux-x86_64-fedora-gcc | 0.1.5 | 102.66 | OK | |||
r-devel-windows-x86_64 | 0.1.5 | 9.00 | 76.00 | 85.00 | OK | |
r-patched-linux-x86_64 | 0.1.5 | 8.52 | 53.13 | 61.65 | NOTE | |
r-release-linux-x86_64 | 0.1.5 | 6.50 | 53.03 | 59.53 | NOTE | |
r-release-macos-arm64 | 0.1.5 | 198.00 | NOTE | |||
r-release-macos-x86_64 | 0.1.5 | 217.00 | NOTE | |||
r-release-windows-x86_64 | 0.1.5 | 8.00 | 77.00 | 85.00 | NOTE | |
r-oldrel-macos-arm64 | 0.1.5 | 202.00 | NOTE | |||
r-oldrel-macos-x86_64 | 0.1.5 | 223.00 | NOTE | |||
r-oldrel-windows-x86_64 | 0.1.5 | 10.00 | 88.00 | 98.00 | NOTE |
Version: 0.1.5
Check: package dependencies
Result: NOTE
Package suggested but not available for checking: ‘simpar’
Flavors: r-patched-linux-x86_64, r-release-linux-x86_64, r-release-macos-arm64, r-release-macos-x86_64, r-release-windows-x86_64, r-oldrel-macos-arm64, r-oldrel-macos-x86_64, r-oldrel-windows-x86_64