Last updated on 2025-01-19 05:49:15 CET.
Flavor | Version | Tinstall | Tcheck | Ttotal | Status | Flags |
---|---|---|---|---|---|---|
r-devel-linux-x86_64-debian-clang | 11.0 | 37.23 | 169.64 | 206.87 | OK | |
r-devel-linux-x86_64-debian-gcc | 11.0 | 29.65 | 115.66 | 145.31 | OK | |
r-devel-linux-x86_64-fedora-clang | 11.0 | 354.29 | OK | |||
r-devel-linux-x86_64-fedora-gcc | 11.0 | 343.64 | OK | |||
r-devel-windows-x86_64 | 11.0 | 50.00 | 167.00 | 217.00 | OK | |
r-patched-linux-x86_64 | 11.0 | 41.24 | 139.42 | 180.66 | NOTE | |
r-release-linux-x86_64 | 11.0 | 41.26 | 138.60 | 179.86 | NOTE | |
r-release-macos-arm64 | 11.0 | 97.00 | NOTE | |||
r-release-macos-x86_64 | 11.0 | 210.00 | NOTE | |||
r-release-windows-x86_64 | 11.0 | 52.00 | 167.00 | 219.00 | NOTE | |
r-oldrel-macos-arm64 | 11.0 | 104.00 | NOTE | |||
r-oldrel-macos-x86_64 | 11.0 | 242.00 | NOTE | |||
r-oldrel-windows-x86_64 | 11.0 | 57.00 | 200.00 | 257.00 | NOTE |
Version: 11.0
Check: for GNU extensions in Makefiles
Result: NOTE
GNU make is a SystemRequirements.
Flavors: r-patched-linux-x86_64, r-release-linux-x86_64, r-release-macos-arm64, r-release-macos-x86_64, r-release-windows-x86_64, r-oldrel-macos-arm64, r-oldrel-macos-x86_64, r-oldrel-windows-x86_64