CRAN Package Check Results for Package NNS

Last updated on 2019-10-19 12:47:40 CEST.

Flavor Version Tinstall Tcheck Ttotal Status Flags
r-devel-linux-x86_64-debian-clang 0.4.6 9.00 57.84 66.84 OK --no-vignettes
r-devel-linux-x86_64-debian-gcc 0.4.6 7.95 44.37 52.32 OK --no-vignettes
r-devel-linux-x86_64-fedora-clang 0.4.6 492.80 OK
r-devel-linux-x86_64-fedora-gcc 0.4.6 445.34 OK
r-devel-windows-ix86+x86_64 0.4.6 20.00 214.00 234.00 OK
r-patched-linux-x86_64 0.4.6 8.88 54.66 63.54 OK --no-vignettes
r-patched-solaris-x86 0.4.6 332.60 OK
r-release-linux-x86_64 0.4.6 7.69 56.45 64.14 OK --no-vignettes
r-release-windows-ix86+x86_64 0.4.6 16.00 231.00 247.00 OK
r-release-osx-x86_64 0.4.6 WARN
r-oldrel-windows-ix86+x86_64 0.4.6 11.00 215.00 226.00 OK
r-oldrel-osx-x86_64 0.4.6 WARN

Check Details

Version: 0.4.6
Check: whether package can be installed
Result: WARN
    Found the following significant warnings:
     Warning: 'rgl_init' failed, running with rgl.useNULL = TRUE
Flavors: r-release-osx-x86_64, r-oldrel-osx-x86_64

Version: 0.4.6
Check: dependencies in R code
Result: NOTE
    No protocol specified
Flavors: r-release-osx-x86_64, r-oldrel-osx-x86_64

Version: 0.4.6
Check: S3 generic/method consistency
Result: WARN
    No protocol specified
    See section ‘Generic functions and methods’ in the ‘Writing R
    Extensions’ manual.
Flavors: r-release-osx-x86_64, r-oldrel-osx-x86_64

Version: 0.4.6
Check: replacement functions
Result: WARN
    No protocol specified
    The argument of a replacement function which corresponds to the right
    hand side must be named ‘value’.
Flavors: r-release-osx-x86_64, r-oldrel-osx-x86_64

Version: 0.4.6
Check: foreign function calls
Result: NOTE
    No protocol specified
    See chapter ‘System and foreign language interfaces’ in the ‘Writing R
    Extensions’ manual.
Flavors: r-release-osx-x86_64, r-oldrel-osx-x86_64

Version: 0.4.6
Check: R code for possible problems
Result: NOTE
    No protocol specified
Flavors: r-release-osx-x86_64, r-oldrel-osx-x86_64

Version: 0.4.6
Check: for missing documentation entries
Result: WARN
    No protocol specified
    All user-level objects in a package should have documentation entries.
    See chapter ‘Writing R documentation files’ in the ‘Writing R
    Extensions’ manual.
Flavors: r-release-osx-x86_64, r-oldrel-osx-x86_64

Version: 0.4.6
Check: for code/documentation mismatches
Result: WARN
    No protocol specified
    No protocol specified
    No protocol specified
Flavors: r-release-osx-x86_64, r-oldrel-osx-x86_64

Version: 0.4.6
Check: Rd \usage sections
Result: NOTE
    No protocol specified
    The \usage entries for S3 methods should use the \method markup and not
    their full name.
    See chapter ‘Writing R documentation files’ in the ‘Writing R
    Extensions’ manual.
Flavors: r-release-osx-x86_64, r-oldrel-osx-x86_64