CRAN Package Check Results for Package NNS

Last updated on 2020-06-03 12:49:14 CEST.

Flavor Version Tinstall Tcheck Ttotal Status Flags
r-devel-linux-x86_64-debian-clang 0.5.2.1 15.91 91.38 107.29 OK --no-vignettes
r-devel-linux-x86_64-debian-gcc 0.5.2.1 12.41 73.83 86.24 OK --no-vignettes
r-devel-linux-x86_64-fedora-clang 0.5.2.1 375.95 OK
r-devel-linux-x86_64-fedora-gcc 0.5.2.1 560.18 OK
r-devel-windows-ix86+x86_64 0.5.2.1 54.00 333.00 387.00 OK
r-patched-linux-x86_64 0.5.2.1 14.59 89.05 103.64 OK --no-vignettes
r-patched-solaris-x86 0.5.2.1 535.50 OK
r-release-linux-x86_64 0.5.2.1 15.67 89.35 105.02 OK --no-vignettes
r-release-osx-x86_64 0.5.2.1 OK
r-release-windows-ix86+x86_64 0.5.2.1 35.00 375.00 410.00 OK
r-oldrel-osx-x86_64 0.5.2.1 WARN
r-oldrel-windows-ix86+x86_64 0.5.2.1 28.00 361.00 389.00 OK

Check Details

Version: 0.5.2.1
Check: whether package can be installed
Result: WARN
    Found the following significant warnings:
     Warning: 'rgl.init' failed, running with 'rgl.useNULL = TRUE'.
Flavor: r-oldrel-osx-x86_64