Last updated on 2024-04-21 12:54:05 CEST.
Flavor | Version | Tinstall | Tcheck | Ttotal | Status | Flags |
---|---|---|---|---|---|---|
r-devel-linux-x86_64-debian-clang | 0.13.5 | 317.71 | 141.12 | 458.83 | OK | |
r-devel-linux-x86_64-debian-gcc | 0.13.5 | 238.73 | 98.63 | 337.36 | OK | |
r-devel-linux-x86_64-fedora-clang | 0.13.5 | 665.93 | OK | |||
r-devel-linux-x86_64-fedora-gcc | 0.13.5 | 691.43 | OK | |||
r-prerel-macos-arm64 | 0.13.5 | 112.00 | NOTE | |||
r-prerel-windows-x86_64 | 0.13.5 | 238.00 | 144.00 | 382.00 | OK | |
r-patched-linux-x86_64 | 0.13.5 | 295.61 | 133.17 | 428.78 | OK | |
r-release-linux-x86_64 | 0.13.5 | 250.85 | 133.30 | 384.15 | OK | |
r-release-macos-arm64 | 0.13.5 | 93.00 | NOTE | |||
r-release-macos-x86_64 | 0.13.5 | 170.00 | NOTE | |||
r-release-windows-x86_64 | 0.13.5 | 287.00 | 176.00 | 463.00 | OK | |
r-oldrel-macos-arm64 | 0.13.5 | 96.00 | NOTE | |||
r-oldrel-windows-x86_64 | 0.13.5 | 243.00 | 158.00 | 401.00 | OK |
Version: 0.13.5
Check: installed package size
Result: NOTE
installed size is 7.3Mb
sub-directories of 1Mb or more:
libs 6.6Mb
Flavors: r-prerel-macos-arm64, r-release-macos-arm64, r-release-macos-x86_64, r-oldrel-macos-arm64