CRAN Package Check Results for Package NSAE

Last updated on 2025-01-19 05:49:15 CET.

Flavor Version Tinstall Tcheck Ttotal Status Flags
r-devel-linux-x86_64-debian-clang 0.4.0 11.30 91.19 102.49 NOTE
r-devel-linux-x86_64-debian-gcc 0.4.0 7.31 63.76 71.07 NOTE
r-devel-linux-x86_64-fedora-clang 0.4.0 161.42 NOTE
r-devel-linux-x86_64-fedora-gcc 0.4.0 162.59 NOTE
r-devel-windows-x86_64 0.4.0 12.00 107.00 119.00 NOTE
r-patched-linux-x86_64 0.4.0 10.70 85.81 96.51 NOTE
r-release-linux-x86_64 0.4.0 9.76 86.27 96.03 NOTE
r-release-macos-arm64 0.4.0 45.00 NOTE
r-release-macos-x86_64 0.4.0 69.00 NOTE
r-release-windows-x86_64 0.4.0 11.00 102.00 113.00 NOTE
r-oldrel-macos-arm64 0.4.0 49.00 OK
r-oldrel-macos-x86_64 0.4.0 85.00 OK
r-oldrel-windows-x86_64 0.4.0 14.00 126.00 140.00 OK

Check Details

Version: 0.4.0
Check: Rd files
Result: NOTE checkRd: (-1) NSAE.Rd:14: Lost braces; missing escapes or markup? 14 | {Maintainer}: Saurav Guha \email{saurav.iasri@gmail.com} | ^ Flavors: r-devel-linux-x86_64-debian-clang, r-devel-linux-x86_64-debian-gcc, r-devel-linux-x86_64-fedora-clang, r-devel-linux-x86_64-fedora-gcc, r-devel-windows-x86_64, r-patched-linux-x86_64, r-release-linux-x86_64, r-release-macos-arm64, r-release-macos-x86_64, r-release-windows-x86_64