Last updated on 2025-01-19 05:49:15 CET.
Flavor | Version | Tinstall | Tcheck | Ttotal | Status | Flags |
---|---|---|---|---|---|---|
r-devel-linux-x86_64-debian-clang | 0.1.0 | 21.42 | 35.89 | 57.31 | OK | |
r-devel-linux-x86_64-debian-gcc | 0.1.0 | 19.19 | 28.06 | 47.25 | OK | |
r-devel-linux-x86_64-fedora-clang | 0.1.0 | 101.36 | OK | |||
r-devel-linux-x86_64-fedora-gcc | 0.1.0 | 109.55 | OK | |||
r-devel-windows-x86_64 | 0.1.0 | 27.00 | 75.00 | 102.00 | OK | |
r-patched-linux-x86_64 | 0.1.0 | 26.26 | 36.46 | 62.72 | OK | |
r-release-linux-x86_64 | 0.1.0 | 26.09 | 34.20 | 60.29 | OK | |
r-release-macos-arm64 | 0.1.0 | 35.00 | NOTE | |||
r-release-macos-x86_64 | 0.1.0 | 70.00 | NOTE | |||
r-release-windows-x86_64 | 0.1.0 | 27.00 | 78.00 | 105.00 | OK | |
r-oldrel-macos-arm64 | 0.1.0 | 50.00 | NOTE | |||
r-oldrel-macos-x86_64 | 0.1.0 | 72.00 | NOTE | |||
r-oldrel-windows-x86_64 | 0.1.0 | 36.00 | 90.00 | 126.00 | OK |
Version: 0.1.0
Check: installed package size
Result: NOTE
installed size is 5.5Mb
sub-directories of 1Mb or more:
libs 4.8Mb
Flavors: r-release-macos-arm64, r-release-macos-x86_64, r-oldrel-macos-arm64, r-oldrel-macos-x86_64