Last updated on 2025-01-19 05:49:15 CET.
Flavor | Version | Tinstall | Tcheck | Ttotal | Status | Flags |
---|---|---|---|---|---|---|
r-devel-linux-x86_64-debian-clang | 1.0.4 | 2.73 | 25.40 | 28.13 | OK | |
r-devel-linux-x86_64-debian-gcc | 1.0.5 | 3.43 | 25.91 | 29.34 | OK | |
r-devel-linux-x86_64-fedora-clang | 1.0.5 | 62.97 | OK | |||
r-devel-linux-x86_64-fedora-gcc | 1.0.5 | 72.48 | OK | |||
r-devel-windows-x86_64 | 1.0.5 | 7.00 | 77.00 | 84.00 | OK | |
r-patched-linux-x86_64 | 1.0.4 | 2.38 | 24.05 | 26.43 | OK | |
r-release-linux-x86_64 | 1.0.4 | 2.74 | 23.85 | 26.59 | OK | |
r-release-macos-arm64 | 1.0.4 | 27.00 | NOTE | |||
r-release-macos-x86_64 | 1.0.4 | 37.00 | NOTE | |||
r-release-windows-x86_64 | 1.0.4 | 4.00 | 56.00 | 60.00 | NOTE | |
r-oldrel-macos-arm64 | 1.0.4 | 27.00 | NOTE | |||
r-oldrel-macos-x86_64 | 1.0.4 | 32.00 | NOTE | |||
r-oldrel-windows-x86_64 | 1.0.5 | 12.00 | 62.00 | 74.00 | NOTE |
Version: 1.0.4
Check: installed package size
Result: NOTE
installed size is 6.2Mb
sub-directories of 1Mb or more:
data 4.5Mb
doc 1.7Mb
Flavors: r-release-macos-arm64, r-release-macos-x86_64, r-release-windows-x86_64, r-oldrel-macos-arm64, r-oldrel-macos-x86_64
Version: 1.0.5
Check: installed package size
Result: NOTE
installed size is 7.0Mb
sub-directories of 1Mb or more:
data 3.5Mb
doc 3.5Mb
Flavor: r-oldrel-windows-x86_64