Last updated on 2024-04-21 12:54:04 CEST.
Flavor | Version | Tinstall | Tcheck | Ttotal | Status | Flags |
---|---|---|---|---|---|---|
r-devel-linux-x86_64-debian-clang | 1.0.4 | 3.25 | 31.39 | 34.64 | OK | |
r-devel-linux-x86_64-debian-gcc | 1.0.4 | 2.55 | 23.96 | 26.51 | OK | |
r-devel-linux-x86_64-fedora-clang | 1.0.4 | 46.69 | NOTE | |||
r-devel-linux-x86_64-fedora-gcc | 1.0.4 | 56.77 | NOTE | |||
r-prerel-macos-arm64 | 1.0.4 | 27.00 | NOTE | |||
r-prerel-windows-x86_64 | 1.0.4 | 4.00 | 47.00 | 51.00 | NOTE | |
r-patched-linux-x86_64 | 1.0.4 | 4.23 | 30.63 | 34.86 | OK | |
r-release-linux-x86_64 | 1.0.4 | 3.64 | 26.97 | 30.61 | OK | |
r-release-macos-arm64 | 1.0.4 | 27.00 | NOTE | |||
r-release-macos-x86_64 | 1.0.4 | 32.00 | NOTE | |||
r-release-windows-x86_64 | 1.0.4 | 7.00 | 46.00 | 53.00 | NOTE | |
r-oldrel-macos-arm64 | 1.0.4 | 19.00 | NOTE | |||
r-oldrel-windows-x86_64 | 1.0.4 | 7.00 | 48.00 | 55.00 | NOTE |
Version: 1.0.4
Check: installed package size
Result: NOTE
installed size is 5.6Mb
sub-directories of 1Mb or more:
data 3.8Mb
doc 1.7Mb
Flavors: r-devel-linux-x86_64-fedora-clang, r-prerel-macos-arm64, r-prerel-windows-x86_64, r-release-macos-arm64, r-release-macos-x86_64, r-release-windows-x86_64, r-oldrel-macos-arm64, r-oldrel-windows-x86_64
Version: 1.0.4
Check: dependencies in R code
Result: NOTE
Namespace in Imports field not imported from: ‘tuneR’
All declared Imports should be used.
Flavors: r-devel-linux-x86_64-fedora-clang, r-devel-linux-x86_64-fedora-gcc, r-oldrel-macos-arm64