CRAN Package Check Results for Package NetInt

Last updated on 2025-01-19 05:49:15 CET.

Flavor Version Tinstall Tcheck Ttotal Status Flags
r-devel-linux-x86_64-debian-clang 1.0.0 1.86 18.71 20.57 OK
r-devel-linux-x86_64-debian-gcc 1.0.0 1.54 15.69 17.23 OK
r-devel-linux-x86_64-fedora-clang 1.0.0 33.84 NOTE
r-devel-linux-x86_64-fedora-gcc 1.0.0 31.94 NOTE
r-devel-windows-x86_64 1.0.0 4.00 43.00 47.00 OK
r-patched-linux-x86_64 1.0.0 1.87 17.68 19.55 OK
r-release-linux-x86_64 1.0.0 1.60 17.77 19.37 OK
r-release-macos-arm64 1.0.0 17.00 OK
r-release-macos-x86_64 1.0.0 23.00 OK
r-release-windows-x86_64 1.0.0 2.00 45.00 47.00 OK
r-oldrel-macos-arm64 1.0.0 17.00 OK
r-oldrel-macos-x86_64 1.0.0 23.00 OK
r-oldrel-windows-x86_64 1.0.0 3.00 43.00 46.00 OK

Check Details

Version: 1.0.0
Check: dependencies in R code
Result: NOTE Namespace in Imports field not imported from: ‘mathjaxr’ All declared Imports should be used. Flavors: r-devel-linux-x86_64-fedora-clang, r-devel-linux-x86_64-fedora-gcc