CRAN Package Check Results for Package NetLogoR

Last updated on 2025-01-19 05:49:15 CET.

Flavor Version Tinstall Tcheck Ttotal Status Flags
r-devel-linux-x86_64-debian-clang 1.0.5 32.76 270.41 303.17 NOTE
r-devel-linux-x86_64-debian-gcc 1.0.5 19.14 167.52 186.66 NOTE
r-devel-linux-x86_64-fedora-clang 1.0.5 498.34 OK
r-devel-linux-x86_64-fedora-gcc 1.0.5 473.05 OK
r-devel-windows-x86_64 1.0.5 31.00 249.00 280.00 NOTE
r-patched-linux-x86_64 1.0.5 34.65 247.33 281.98 NOTE
r-release-linux-x86_64 1.0.5 30.93 247.72 278.65 NOTE
r-release-macos-arm64 1.0.5 98.00 NOTE
r-release-macos-x86_64 1.0.5 223.00 NOTE
r-release-windows-x86_64 1.0.5 31.00 248.00 279.00 NOTE
r-oldrel-macos-arm64 1.0.5 110.00 NOTE
r-oldrel-macos-x86_64 1.0.5 212.00 NOTE
r-oldrel-windows-x86_64 1.0.5 40.00 325.00 365.00 NOTE

Check Details

Version: 1.0.5
Check: Rd cross-references
Result: NOTE Found the following Rd file(s) with Rd \link{} targets missing package anchors: bbox.Rd: extent, coordinates coordinates.Rd: extent extent.Rd: coordinates Please provide package anchors for all Rd \link{} targets not in the package itself and the base packages. Flavors: r-devel-linux-x86_64-debian-clang, r-devel-linux-x86_64-debian-gcc, r-devel-windows-x86_64

Version: 1.0.5
Check: package dependencies
Result: NOTE Package suggested but not available for checking: ‘fastshp’ Flavors: r-patched-linux-x86_64, r-release-linux-x86_64, r-release-macos-arm64, r-release-macos-x86_64, r-release-windows-x86_64, r-oldrel-macos-arm64, r-oldrel-macos-x86_64, r-oldrel-windows-x86_64