CRAN Package Check Results for Package NetSwan

Last updated on 2025-01-19 05:49:15 CET.

Flavor Version Tinstall Tcheck Ttotal Status Flags
r-devel-linux-x86_64-debian-clang 0.1 2.35 25.09 27.44 NOTE
r-devel-linux-x86_64-debian-gcc 0.1 2.04 19.46 21.50 NOTE
r-devel-linux-x86_64-fedora-clang 0.1 46.17 OK
r-devel-linux-x86_64-fedora-gcc 0.1 43.80 OK
r-devel-windows-x86_64 0.1 5.00 47.00 52.00 OK
r-patched-linux-x86_64 0.1 2.29 23.80 26.09 NOTE
r-release-linux-x86_64 0.1 2.55 23.79 26.34 NOTE
r-release-macos-arm64 0.1 18.00 OK
r-release-macos-x86_64 0.1 29.00 OK
r-release-windows-x86_64 0.1 4.00 46.00 50.00 OK
r-oldrel-macos-arm64 0.1 20.00 OK
r-oldrel-macos-x86_64 0.1 24.00 OK
r-oldrel-windows-x86_64 0.1 4.00 50.00 54.00 OK

Check Details

Version: 0.1
Check: Rd contents
Result: NOTE Auto-generated content requiring editing in Rd file 'swan_efficiency.Rd': \keyword: ‘~kwd1’ \keyword: ‘~kwd2’ Flavors: r-devel-linux-x86_64-debian-clang, r-devel-linux-x86_64-debian-gcc, r-patched-linux-x86_64, r-release-linux-x86_64