Last updated on 2025-01-19 05:49:15 CET.
Flavor | Version | Tinstall | Tcheck | Ttotal | Status | Flags |
---|---|---|---|---|---|---|
r-devel-linux-x86_64-debian-clang | 0.8 | 22.23 | 146.56 | 168.79 | NOTE | --no-vignettes |
r-devel-linux-x86_64-debian-gcc | 0.8 | 15.88 | 99.45 | 115.33 | NOTE | --no-vignettes |
r-devel-linux-x86_64-fedora-clang | 0.8 | 272.34 | NOTE | |||
r-devel-linux-x86_64-fedora-gcc | 0.8 | 255.45 | NOTE | |||
r-devel-windows-x86_64 | 0.8 | 21.00 | 145.00 | 166.00 | NOTE | |
r-patched-linux-x86_64 | 0.8 | 18.30 | 133.19 | 151.49 | NOTE | --no-vignettes |
r-release-linux-x86_64 | 0.8 | 20.86 | 135.15 | 156.01 | NOTE | --no-vignettes |
r-release-macos-arm64 | 0.8 | 68.00 | NOTE | |||
r-release-macos-x86_64 | 0.8 | 100.00 | NOTE | |||
r-release-windows-x86_64 | 0.8 | 21.00 | 140.00 | 161.00 | NOTE | |
r-oldrel-macos-arm64 | 0.8 | 78.00 | NOTE | |||
r-oldrel-macos-x86_64 | 0.8 | 125.00 | NOTE | |||
r-oldrel-windows-x86_64 | 0.8 | 29.00 | 176.00 | 205.00 | NOTE |
Version: 0.8
Flags: --no-vignettes
Check: Rd files
Result: NOTE
checkRd: (-1) NetworkChange.Rd:163: Escaped LaTeX specials: \&
checkRd: (-1) NetworkChangeRobust.Rd:144: Escaped LaTeX specials: \&
checkRd: (-1) NetworkStatic.Rd:142: Escaped LaTeX specials: \&
Flavors: r-devel-linux-x86_64-debian-clang, r-devel-linux-x86_64-debian-gcc, r-patched-linux-x86_64, r-release-linux-x86_64
Version: 0.8
Check: Rd files
Result: NOTE
checkRd: (-1) NetworkChange.Rd:163: Escaped LaTeX specials: \&
checkRd: (-1) NetworkChangeRobust.Rd:144: Escaped LaTeX specials: \&
checkRd: (-1) NetworkStatic.Rd:142: Escaped LaTeX specials: \&
Flavors: r-devel-linux-x86_64-fedora-clang, r-devel-linux-x86_64-fedora-gcc, r-devel-windows-x86_64, r-release-macos-arm64, r-release-macos-x86_64, r-release-windows-x86_64, r-oldrel-macos-arm64, r-oldrel-macos-x86_64, r-oldrel-windows-x86_64