Last updated on 2025-01-19 05:49:15 CET.
Flavor | Version | Tinstall | Tcheck | Ttotal | Status | Flags |
---|---|---|---|---|---|---|
r-devel-linux-x86_64-debian-clang | 1.2.4 | 29.01 | 93.98 | 122.99 | NOTE | |
r-devel-linux-x86_64-debian-gcc | 1.2.4 | 21.70 | 64.26 | 85.96 | NOTE | |
r-devel-linux-x86_64-fedora-clang | 1.2.4 | 218.85 | NOTE | |||
r-devel-linux-x86_64-fedora-gcc | 1.2.4 | 223.03 | NOTE | |||
r-devel-windows-x86_64 | 1.2.4 | 38.00 | 119.00 | 157.00 | NOTE | |
r-patched-linux-x86_64 | 1.2.4 | 31.37 | 85.22 | 116.59 | NOTE | |
r-release-linux-x86_64 | 1.2.4 | 30.20 | 86.97 | 117.17 | NOTE | |
r-release-macos-arm64 | 1.2.4 | 68.00 | NOTE | |||
r-release-macos-x86_64 | 1.2.4 | 142.00 | NOTE | |||
r-release-windows-x86_64 | 1.2.4 | 41.00 | 117.00 | 158.00 | NOTE | |
r-oldrel-macos-arm64 | 1.2.4 | 72.00 | NOTE | |||
r-oldrel-macos-x86_64 | 1.2.4 | 113.00 | NOTE | |||
r-oldrel-windows-x86_64 | 1.2.4 | 44.00 | 142.00 | 186.00 | NOTE |
Version: 1.2.4
Check: C++ specification
Result: NOTE
Specified C++11: please drop specification unless essential
Flavors: r-devel-linux-x86_64-debian-clang, r-devel-linux-x86_64-debian-gcc, r-devel-linux-x86_64-fedora-clang, r-devel-linux-x86_64-fedora-gcc, r-devel-windows-x86_64, r-patched-linux-x86_64, r-release-linux-x86_64, r-release-macos-arm64, r-release-macos-x86_64, r-release-windows-x86_64, r-oldrel-macos-arm64, r-oldrel-macos-x86_64, r-oldrel-windows-x86_64