Last updated on 2025-01-19 05:49:15 CET.
Flavor | Version | Tinstall | Tcheck | Ttotal | Status | Flags |
---|---|---|---|---|---|---|
r-devel-linux-x86_64-debian-clang | 1.1.3 | 7.82 | 70.08 | 77.90 | OK | |
r-devel-linux-x86_64-debian-gcc | 1.1.3 | 4.92 | 45.64 | 50.56 | OK | |
r-devel-linux-x86_64-fedora-clang | 1.1.3 | 126.48 | OK | |||
r-devel-linux-x86_64-fedora-gcc | 1.1.3 | 120.40 | OK | |||
r-devel-windows-x86_64 | 1.1.3 | 8.00 | 107.00 | 115.00 | OK | |
r-patched-linux-x86_64 | 1.1.3 | 6.55 | 64.03 | 70.58 | NOTE | |
r-release-linux-x86_64 | 1.1.3 | 6.60 | 64.12 | 70.72 | NOTE | |
r-release-macos-arm64 | 1.1.3 | 34.00 | OK | |||
r-release-macos-x86_64 | 1.1.3 | 56.00 | OK | |||
r-release-windows-x86_64 | 1.1.3 | 8.00 | 100.00 | 108.00 | OK | |
r-oldrel-macos-arm64 | 1.1.3 | 45.00 | OK | |||
r-oldrel-macos-x86_64 | 1.1.3 | 97.00 | OK | |||
r-oldrel-windows-x86_64 | 1.1.3 | 11.00 | 120.00 | 131.00 | OK |
Version: 1.1.3
Check: package dependencies
Result: NOTE
Package suggested but not available for checking: ‘h2o’
Flavors: r-patched-linux-x86_64, r-release-linux-x86_64