Last updated on 2024-03-28 14:48:35 CET.
Flavor | Version | Tinstall | Tcheck | Ttotal | Status | Flags |
---|---|---|---|---|---|---|
r-devel-linux-x86_64-debian-clang | 0.2 | 7.75 | 56.69 | 64.44 | NOTE | |
r-devel-linux-x86_64-debian-gcc | 0.2 | 5.57 | 44.40 | 49.97 | NOTE | |
r-devel-linux-x86_64-fedora-clang | 0.2 | 88.35 | NOTE | |||
r-devel-linux-x86_64-fedora-gcc | 0.2 | 79.15 | NOTE | |||
r-devel-windows-x86_64 | 0.2 | 6.00 | 63.00 | 69.00 | NOTE | |
r-patched-linux-x86_64 | 0.2 | 6.97 | 53.95 | 60.92 | NOTE | |
r-release-linux-x86_64 | 0.2 | 6.77 | 57.74 | 64.51 | NOTE | |
r-release-macos-arm64 | 0.2 | 28.00 | NOTE | |||
r-release-macos-x86_64 | 0.2 | 43.00 | NOTE | |||
r-release-windows-x86_64 | 0.2 | 8.00 | 70.00 | 78.00 | NOTE | |
r-oldrel-macos-arm64 | 0.2 | 22.00 | NOTE | |||
r-oldrel-windows-x86_64 | 0.2 | 9.00 | 79.00 | 88.00 | NOTE |
Version: 0.2
Check: package dependencies
Result: NOTE
Package which this enhances but not available for checking: ‘jpndistrict’
Flavors: r-devel-linux-x86_64-debian-clang, r-devel-linux-x86_64-debian-gcc, r-devel-linux-x86_64-fedora-clang, r-devel-linux-x86_64-fedora-gcc, r-devel-windows-x86_64, r-patched-linux-x86_64, r-release-linux-x86_64, r-release-macos-arm64, r-release-macos-x86_64, r-release-windows-x86_64, r-oldrel-macos-arm64, r-oldrel-windows-x86_64
Version: 0.2
Check: Rd cross-references
Result: NOTE
Undeclared packages ‘cshapes’, ‘mapdata’ in Rd xrefs
Flavor: r-devel-linux-x86_64-fedora-clang