CRAN Package Check Results for Package NipponMap

Last updated on 2025-01-19 05:49:15 CET.

Flavor Version Tinstall Tcheck Ttotal Status Flags
r-devel-linux-x86_64-debian-clang 0.2 5.98 47.94 53.92 OK
r-devel-linux-x86_64-debian-gcc 0.2 3.70 34.58 38.28 OK
r-devel-linux-x86_64-fedora-clang 0.2 81.07 OK
r-devel-linux-x86_64-fedora-gcc 0.2 75.23 OK
r-devel-windows-x86_64 0.2 6.00 65.00 71.00 OK
r-patched-linux-x86_64 0.2 5.21 43.04 48.25 NOTE
r-release-linux-x86_64 0.2 5.44 43.28 48.72 NOTE
r-release-macos-arm64 0.2 26.00 NOTE
r-release-macos-x86_64 0.2 44.00 NOTE
r-release-windows-x86_64 0.2 7.00 65.00 72.00 NOTE
r-oldrel-macos-arm64 0.2 28.00 NOTE
r-oldrel-macos-x86_64 0.2 43.00 NOTE
r-oldrel-windows-x86_64 0.2 8.00 70.00 78.00 NOTE

Check Details

Version: 0.2
Check: package dependencies
Result: NOTE Package which this enhances but not available for checking: ‘jpndistrict’ Flavors: r-patched-linux-x86_64, r-release-linux-x86_64, r-release-macos-arm64, r-release-macos-x86_64, r-release-windows-x86_64, r-oldrel-macos-arm64, r-oldrel-macos-x86_64, r-oldrel-windows-x86_64