Last updated on 2024-04-17 13:57:36 CEST.
Flavor | Version | Tinstall | Tcheck | Ttotal | Status | Flags |
---|---|---|---|---|---|---|
r-devel-linux-x86_64-debian-clang | 0.2.4 | 16.49 | 159.53 | 176.02 | OK | |
r-devel-linux-x86_64-debian-gcc | 0.2.4 | 13.29 | 117.21 | 130.50 | OK | |
r-devel-linux-x86_64-fedora-clang | 0.2.4 | 212.75 | NOTE | |||
r-devel-linux-x86_64-fedora-gcc | 0.2.4 | 216.54 | NOTE | |||
r-prerel-macos-arm64 | 0.2.4 | 58.00 | OK | |||
r-prerel-windows-x86_64 | 0.2.4 | 12.00 | 130.00 | 142.00 | OK | |
r-patched-linux-x86_64 | 0.2.4 | 10.38 | 152.04 | 162.42 | OK | |
r-release-linux-x86_64 | 0.2.4 | 10.14 | 154.35 | 164.49 | OK | |
r-release-macos-arm64 | 0.2.4 | 66.00 | OK | |||
r-release-macos-x86_64 | 0.2.4 | 116.00 | OK | |||
r-release-windows-x86_64 | 0.2.4 | 18.00 | 161.00 | 179.00 | OK | |
r-oldrel-macos-arm64 | 0.2.4 | 63.00 | NOTE | |||
r-oldrel-windows-x86_64 | 0.2.4 | 18.00 | 159.00 | 177.00 | OK |
Version: 0.2.4
Check: dependencies in R code
Result: NOTE
Namespaces in Imports field not imported from:
‘Matrix’ ‘e1071’ ‘glmnet’
All declared Imports should be used.
Flavors: r-devel-linux-x86_64-fedora-clang, r-devel-linux-x86_64-fedora-gcc, r-oldrel-macos-arm64