Last updated on 2024-04-17 13:57:36 CEST.
Flavor | Version | Tinstall | Tcheck | Ttotal | Status | Flags |
---|---|---|---|---|---|---|
r-devel-linux-x86_64-debian-clang | 1.9.6 | 530.06 | 119.20 | 649.26 | OK | |
r-devel-linux-x86_64-debian-gcc | 1.9.6 | 386.72 | 94.06 | 480.78 | OK | |
r-devel-linux-x86_64-fedora-clang | 1.9.6 | 1203.87 | NOTE | |||
r-devel-linux-x86_64-fedora-gcc | 1.9.6 | 955.87 | OK | |||
r-prerel-macos-arm64 | 1.9.6 | 156.00 | NOTE | |||
r-prerel-macos-x86_64 | 1.9.6 | 197.00 | NOTE | |||
r-prerel-windows-x86_64 | 1.9.6 | 398.00 | 119.00 | 517.00 | NOTE | |
r-patched-linux-x86_64 | 1.9.6 | 499.20 | 118.40 | 617.60 | OK | |
r-release-linux-x86_64 | 1.9.6 | 494.57 | 113.89 | 608.46 | OK | |
r-release-macos-arm64 | 1.9.6 | 177.00 | NOTE | |||
r-release-macos-x86_64 | 1.9.6 | 230.00 | NOTE | |||
r-release-windows-x86_64 | 1.9.6 | 378.00 | 140.00 | 518.00 | NOTE | |
r-oldrel-macos-arm64 | 1.9.6 | 190.00 | NOTE | |||
r-oldrel-windows-x86_64 | 1.9.6 | 447.00 | 134.00 | 581.00 | NOTE |
Version: 1.9.6
Check: installed package size
Result: NOTE
installed size is 6.5Mb
sub-directories of 1Mb or more:
doc 5.3Mb
Flavors: r-devel-linux-x86_64-fedora-clang, r-prerel-macos-arm64, r-prerel-macos-x86_64, r-prerel-windows-x86_64, r-release-macos-arm64, r-release-macos-x86_64, r-release-windows-x86_64, r-oldrel-macos-arm64, r-oldrel-windows-x86_64