Last updated on 2025-01-19 05:49:15 CET.
Flavor | Version | Tinstall | Tcheck | Ttotal | Status | Flags |
---|---|---|---|---|---|---|
r-devel-linux-x86_64-debian-clang | 1.9.8 | 332.41 | 94.91 | 427.32 | OK | |
r-devel-linux-x86_64-debian-gcc | 1.9.8 | 217.61 | 71.70 | 289.31 | OK | |
r-devel-linux-x86_64-fedora-clang | 1.9.8 | 1133.69 | OK | |||
r-devel-linux-x86_64-fedora-gcc | 1.9.8 | 865.52 | OK | |||
r-devel-windows-x86_64 | 1.9.8 | 336.00 | 125.00 | 461.00 | OK | |
r-patched-linux-x86_64 | 1.9.8 | 312.86 | 92.49 | 405.35 | OK | |
r-release-linux-x86_64 | 1.9.8 | 312.92 | 92.63 | 405.55 | OK | |
r-release-macos-arm64 | 1.9.8 | 174.00 | NOTE | |||
r-release-macos-x86_64 | 1.9.8 | 215.00 | NOTE | |||
r-release-windows-x86_64 | 1.9.8 | 370.00 | 121.00 | 491.00 | NOTE | |
r-oldrel-macos-arm64 | 1.9.8 | 180.00 | NOTE | |||
r-oldrel-macos-x86_64 | 1.9.8 | 212.00 | NOTE | |||
r-oldrel-windows-x86_64 | 1.9.8 | 417.00 | 140.00 | 557.00 | NOTE |
Version: 1.9.8
Check: installed package size
Result: NOTE
installed size is 20.9Mb
sub-directories of 1Mb or more:
doc 5.3Mb
libs 15.2Mb
Flavors: r-release-macos-arm64, r-release-macos-x86_64, r-release-windows-x86_64, r-oldrel-macos-arm64, r-oldrel-macos-x86_64, r-oldrel-windows-x86_64