Last updated on 2025-01-19 05:49:15 CET.
Flavor | Version | Tinstall | Tcheck | Ttotal | Status | Flags |
---|---|---|---|---|---|---|
r-devel-linux-x86_64-debian-clang | 1.2.2 | 72.25 | 441.92 | 514.17 | NOTE | |
r-devel-linux-x86_64-debian-gcc | 1.2.2 | 55.54 | 278.10 | 333.64 | NOTE | |
r-devel-linux-x86_64-fedora-clang | 1.2.2 | 841.31 | OK | |||
r-devel-linux-x86_64-fedora-gcc | 1.2.2 | 794.41 | OK | |||
r-devel-windows-x86_64 | 1.2.2 | 72.00 | 348.00 | 420.00 | NOTE | |
r-patched-linux-x86_64 | 1.2.2 | 79.05 | 402.91 | 481.96 | OK | |
r-release-linux-x86_64 | 1.2.2 | 71.84 | 407.67 | 479.51 | OK | |
r-release-macos-arm64 | 1.2.2 | 154.00 | NOTE | |||
r-release-macos-x86_64 | 1.2.2 | 317.00 | NOTE | |||
r-release-windows-x86_64 | 1.2.2 | 73.00 | 356.00 | 429.00 | OK | |
r-oldrel-macos-arm64 | 1.2.2 | 189.00 | NOTE | |||
r-oldrel-macos-x86_64 | 1.2.2 | 297.00 | NOTE | |||
r-oldrel-windows-x86_64 | 1.2.2 | 96.00 | 497.00 | 593.00 | NOTE |
Version: 1.2.2
Check: Rd cross-references
Result: NOTE
Found the following Rd file(s) with Rd \link{} targets missing package
anchors:
OCN_to_AEM.Rd: moran.randtest, aem
aggregate_OCN.Rd: spam
create_OCN.Rd: spam
draw_elev2D_OCN.Rd: image.plot, imagePlot
draw_elev3D_OCN.Rd: imagePlot
draw_elev3Drgl_OCN.Rd: persp3d, rgl, rgl.snapshot, rgl.postscript,
polygon3d
draw_subcatchments_OCN.Rd: imagePlot
draw_thematic_OCN.Rd: image.plot, imagePlot, sbar, north
landscape_OCN.Rd: spam
paths_OCN.Rd: spam
plot.Rd: sbar, north
Please provide package anchors for all Rd \link{} targets not in the
package itself and the base packages.
Flavors: r-devel-linux-x86_64-debian-clang, r-devel-linux-x86_64-debian-gcc, r-devel-windows-x86_64
Version: 1.2.2
Check: installed package size
Result: NOTE
installed size is 5.9Mb
sub-directories of 1Mb or more:
data 2.6Mb
libs 1.9Mb
Flavors: r-release-macos-arm64, r-release-macos-x86_64, r-oldrel-macos-arm64, r-oldrel-macos-x86_64, r-oldrel-windows-x86_64