CRAN Package Check Results for Package ODEsensitivity

Last updated on 2025-01-19 05:49:16 CET.

Flavor Version Tinstall Tcheck Ttotal Status Flags
r-devel-linux-x86_64-debian-clang 1.1.2 11.96 160.02 171.98 NOTE
r-devel-linux-x86_64-debian-gcc 1.1.2 10.39 106.07 116.46 NOTE
r-devel-linux-x86_64-fedora-clang 1.1.2 284.46 NOTE
r-devel-linux-x86_64-fedora-gcc 1.1.2 300.19 NOTE
r-devel-windows-x86_64 1.1.2 13.00 176.00 189.00 NOTE
r-patched-linux-x86_64 1.1.2 18.24 150.10 168.34 NOTE
r-release-linux-x86_64 1.1.2 12.35 148.91 161.26 NOTE
r-release-macos-arm64 1.1.2 83.00 NOTE
r-release-macos-x86_64 1.1.2 127.00 NOTE
r-release-windows-x86_64 1.1.2 13.00 175.00 188.00 NOTE
r-oldrel-macos-arm64 1.1.2 82.00 OK
r-oldrel-macos-x86_64 1.1.2 144.00 OK
r-oldrel-windows-x86_64 1.1.2 19.00 226.00 245.00 OK

Check Details

Version: 1.1.2
Check: Rd files
Result: NOTE checkRd: (-1) plot.ODEmorris.Rd:62-63: Lost braces in \itemize; meant \describe ? checkRd: (-1) plot.ODEmorris.Rd:64-65: Lost braces in \itemize; meant \describe ? Flavors: r-devel-linux-x86_64-debian-clang, r-devel-linux-x86_64-debian-gcc, r-devel-linux-x86_64-fedora-clang, r-devel-linux-x86_64-fedora-gcc, r-devel-windows-x86_64, r-patched-linux-x86_64, r-release-linux-x86_64, r-release-macos-arm64, r-release-macos-x86_64, r-release-windows-x86_64

Version: 1.1.2
Check: Rd cross-references
Result: NOTE Found the following Rd file(s) with Rd \link{} targets missing package anchors: ODEsensitivity.Rd: sensitivity Please provide package anchors for all Rd \link{} targets not in the package itself and the base packages. Flavors: r-devel-linux-x86_64-debian-clang, r-devel-linux-x86_64-debian-gcc, r-devel-windows-x86_64