CRAN Package Check Results for Package ODRF

Last updated on 2025-01-19 05:49:16 CET.

Flavor Version Tinstall Tcheck Ttotal Status Flags
r-devel-linux-x86_64-debian-clang 0.0.4 40.93 157.73 198.66 NOTE
r-devel-linux-x86_64-debian-gcc 0.0.4 28.54 105.97 134.51 NOTE
r-devel-linux-x86_64-fedora-clang 0.0.4 349.97 OK
r-devel-linux-x86_64-fedora-gcc 0.0.4 352.01 OK
r-devel-windows-x86_64 0.0.4 47.00 178.00 225.00 NOTE
r-patched-linux-x86_64 0.0.4 46.32 146.89 193.21 OK
r-release-linux-x86_64 0.0.4 42.76 145.05 187.81 OK
r-release-macos-arm64 0.0.4 92.00 OK
r-release-macos-x86_64 0.0.4 135.00 OK
r-release-windows-x86_64 0.0.4 45.00 179.00 224.00 OK
r-oldrel-macos-arm64 0.0.4 101.00 OK
r-oldrel-macos-x86_64 0.0.4 184.00 OK
r-oldrel-windows-x86_64 0.0.4 54.00 226.00 280.00 OK

Check Details

Version: 0.0.4
Check: Rd cross-references
Result: NOTE Found the following Rd file(s) with Rd \link{} targets missing package anchors: ODT.Rd: as.party PPO.Rd: nnet, Pursuit as.party.ODT.Rd: party plot.ODT.Rd: as.party Please provide package anchors for all Rd \link{} targets not in the package itself and the base packages. Flavors: r-devel-linux-x86_64-debian-clang, r-devel-linux-x86_64-debian-gcc, r-devel-windows-x86_64