CRAN Package Check Results for Package OEFPIL

Last updated on 2025-01-19 05:49:16 CET.

Flavor Version Tinstall Tcheck Ttotal Status Flags
r-devel-linux-x86_64-debian-clang 0.1.1 5.42 52.72 58.14 NOTE
r-devel-linux-x86_64-debian-gcc 0.1.1 4.06 38.66 42.72 NOTE
r-devel-linux-x86_64-fedora-clang 0.1.1 95.24 OK
r-devel-linux-x86_64-fedora-gcc 0.1.1 93.80 OK
r-devel-windows-x86_64 0.1.1 7.00 74.00 81.00 NOTE
r-patched-linux-x86_64 0.1.1 9.83 52.82 62.65 OK
r-release-linux-x86_64 0.1.1 5.67 52.37 58.04 OK
r-release-macos-arm64 0.1.1 30.00 OK
r-release-macos-x86_64 0.1.1 49.00 OK
r-release-windows-x86_64 0.1.1 9.00 71.00 80.00 OK
r-oldrel-macos-arm64 0.1.1 35.00 OK
r-oldrel-macos-x86_64 0.1.1 48.00 OK
r-oldrel-windows-x86_64 0.1.1 9.00 82.00 91.00 OK

Check Details

Version: 0.1.1
Check: Rd cross-references
Result: NOTE Found the following Rd file(s) with Rd \link{} targets missing package anchors: NanoIndent.OEFPIL.Rd: nlsLM OEFPIL.Rd: nlsLM Please provide package anchors for all Rd \link{} targets not in the package itself and the base packages. Flavors: r-devel-linux-x86_64-debian-clang, r-devel-linux-x86_64-debian-gcc, r-devel-windows-x86_64