Last updated on 2025-01-19 05:49:16 CET.
Flavor | Version | Tinstall | Tcheck | Ttotal | Status | Flags |
---|---|---|---|---|---|---|
r-devel-linux-x86_64-debian-clang | 0.3 | 8.91 | 81.50 | 90.41 | OK | |
r-devel-linux-x86_64-debian-gcc | 0.3 | 6.74 | 57.60 | 64.34 | OK | |
r-devel-linux-x86_64-fedora-clang | 0.3 | 145.94 | NOTE | |||
r-devel-linux-x86_64-fedora-gcc | 0.3 | 142.12 | NOTE | |||
r-devel-windows-x86_64 | 0.3 | 11.00 | 87.00 | 98.00 | OK | |
r-patched-linux-x86_64 | 0.3 | 8.22 | 75.66 | 83.88 | NOTE | |
r-release-linux-x86_64 | 0.3 | 8.37 | 75.40 | 83.77 | NOTE | |
r-release-macos-arm64 | 0.3 | 40.00 | NOTE | |||
r-release-macos-x86_64 | 0.3 | 63.00 | NOTE | |||
r-release-windows-x86_64 | 0.3 | 10.00 | 85.00 | 95.00 | NOTE | |
r-oldrel-macos-arm64 | 0.3 | 45.00 | NOTE | |||
r-oldrel-macos-x86_64 | 0.3 | 74.00 | NOTE | |||
r-oldrel-windows-x86_64 | 0.3 | 12.00 | 107.00 | 119.00 | NOTE |
Version: 0.3
Check: dependencies in R code
Result: NOTE
Namespaces in Imports field not imported from:
‘randomForest’ ‘ranger’
All declared Imports should be used.
Flavors: r-devel-linux-x86_64-fedora-clang, r-devel-linux-x86_64-fedora-gcc
Version: 0.3
Check: LazyData
Result: NOTE
'LazyData' is specified without a 'data' directory
Flavors: r-patched-linux-x86_64, r-release-linux-x86_64, r-release-macos-arm64, r-release-macos-x86_64, r-release-windows-x86_64, r-oldrel-macos-arm64, r-oldrel-macos-x86_64, r-oldrel-windows-x86_64