CRAN Package Check Results for Package ORFID

Last updated on 2025-01-19 05:49:16 CET.

Flavor Version Tinstall Tcheck Ttotal Status Flags
r-devel-linux-x86_64-debian-clang 1.0.2 3.49 40.77 44.26 NOTE
r-devel-linux-x86_64-debian-gcc 1.0.2 2.38 31.74 34.12 NOTE
r-devel-linux-x86_64-fedora-clang 1.0.2 72.21 OK
r-devel-linux-x86_64-fedora-gcc 1.0.2 82.86 OK
r-devel-windows-x86_64 1.0.2 6.00 65.00 71.00 NOTE
r-patched-linux-x86_64 1.0.2 7.85 38.33 46.18 OK
r-release-linux-x86_64 1.0.2 3.28 38.22 41.50 OK
r-release-macos-arm64 1.0.2 40.00 OK
r-release-macos-x86_64 1.0.2 54.00 OK
r-release-windows-x86_64 1.0.2 7.00 63.00 70.00 OK
r-oldrel-macos-arm64 1.0.2 32.00 OK
r-oldrel-macos-x86_64 1.0.2 43.00 OK
r-oldrel-windows-x86_64 1.0.2 6.00 67.00 73.00 OK

Check Details

Version: 1.0.2
Check: Rd cross-references
Result: NOTE Found the following Rd file(s) with Rd \link{} targets missing package anchors: join_multireader_data.Rd: bind_rows Please provide package anchors for all Rd \link{} targets not in the package itself and the base packages. Flavors: r-devel-linux-x86_64-debian-clang, r-devel-linux-x86_64-debian-gcc, r-devel-windows-x86_64