Last updated on 2025-01-19 05:49:16 CET.
Flavor | Version | Tinstall | Tcheck | Ttotal | Status | Flags |
---|---|---|---|---|---|---|
r-devel-linux-x86_64-debian-clang | 1.0.3 | 8.08 | 93.25 | 101.33 | NOTE | |
r-devel-linux-x86_64-debian-gcc | 1.0.3 | 5.49 | 64.87 | 70.36 | NOTE | |
r-devel-linux-x86_64-fedora-clang | 1.0.3 | 167.21 | OK | |||
r-devel-linux-x86_64-fedora-gcc | 1.0.3 | 169.55 | OK | |||
r-devel-windows-x86_64 | 1.0.3 | 12.00 | 112.00 | 124.00 | NOTE | |
r-patched-linux-x86_64 | 1.0.3 | 12.25 | 87.75 | 100.00 | OK | |
r-release-linux-x86_64 | 1.0.3 | 7.08 | 86.95 | 94.03 | OK | |
r-release-macos-arm64 | 1.0.3 | 47.00 | OK | |||
r-release-macos-x86_64 | 1.0.3 | 78.00 | OK | |||
r-release-windows-x86_64 | 1.0.3 | 12.00 | 108.00 | 120.00 | OK | |
r-oldrel-macos-arm64 | 1.0.3 | 53.00 | OK | |||
r-oldrel-macos-x86_64 | 1.0.3 | 82.00 | OK | |||
r-oldrel-windows-x86_64 | 1.0.3 | 14.00 | 131.00 | 145.00 | OK |
Version: 1.0.3
Check: Rd cross-references
Result: NOTE
Found the following Rd file(s) with Rd \link{} targets missing package
anchors:
predictionMap.Rd: generateCVRuns, tuneParetoClassifier
tunePareto.occ.Rd: tunePareto.knn, tuneParetoClassifier,
trainTuneParetoClassifier
Please provide package anchors for all Rd \link{} targets not in the
package itself and the base packages.
Flavors: r-devel-linux-x86_64-debian-clang, r-devel-linux-x86_64-debian-gcc, r-devel-windows-x86_64