Last updated on 2025-01-19 05:49:16 CET.
Flavor | Version | Tinstall | Tcheck | Ttotal | Status | Flags |
---|---|---|---|---|---|---|
r-devel-linux-x86_64-debian-clang | 1.0 | 7.67 | 45.85 | 53.52 | OK | |
r-devel-linux-x86_64-debian-gcc | 1.0 | 5.09 | 32.61 | 37.70 | OK | |
r-devel-linux-x86_64-fedora-clang | 1.0 | 86.28 | OK | |||
r-devel-linux-x86_64-fedora-gcc | 1.0 | 80.33 | OK | |||
r-devel-windows-x86_64 | 1.0 | 9.00 | 68.00 | 77.00 | OK | |
r-patched-linux-x86_64 | 1.0 | 6.85 | 41.91 | 48.76 | NOTE | |
r-release-linux-x86_64 | 1.0 | 7.00 | 42.36 | 49.36 | NOTE | |
r-release-macos-arm64 | 1.0 | 27.00 | NOTE | |||
r-release-macos-x86_64 | 1.0 | 38.00 | NOTE | |||
r-release-windows-x86_64 | 1.0 | 8.00 | 64.00 | 72.00 | NOTE | |
r-oldrel-macos-arm64 | 1.0 | 19.00 | NOTE | |||
r-oldrel-macos-x86_64 | 1.0 | 24.00 | NOTE | |||
r-oldrel-windows-x86_64 | 1.0 | 10.00 | 71.00 | 81.00 | NOTE |
Version: 1.0
Check: LazyData
Result: NOTE
'LazyData' is specified without a 'data' directory
Flavors: r-patched-linux-x86_64, r-release-linux-x86_64, r-release-macos-arm64, r-release-macos-x86_64, r-release-windows-x86_64, r-oldrel-macos-arm64, r-oldrel-macos-x86_64, r-oldrel-windows-x86_64