Last updated on 2025-01-19 05:49:16 CET.
Flavor | Version | Tinstall | Tcheck | Ttotal | Status | Flags |
---|---|---|---|---|---|---|
r-devel-linux-x86_64-debian-clang | 0.5.20 | 32.13 | 280.60 | 312.73 | NOTE | |
r-devel-linux-x86_64-debian-gcc | 0.5.20 | 19.72 | 182.91 | 202.63 | NOTE | |
r-devel-linux-x86_64-fedora-clang | 0.5.20 | 523.11 | OK | |||
r-devel-linux-x86_64-fedora-gcc | 0.5.20 | 469.94 | OK | |||
r-devel-windows-x86_64 | 0.5.20 | 28.00 | 221.00 | 249.00 | NOTE | |
r-patched-linux-x86_64 | 0.5.20 | 33.58 | 260.53 | 294.11 | OK | |
r-release-linux-x86_64 | 0.5.20 | 29.46 | 262.87 | 292.33 | OK | |
r-release-macos-arm64 | 0.5.20 | 101.00 | OK | |||
r-release-macos-x86_64 | 0.5.20 | 180.00 | OK | |||
r-release-windows-x86_64 | 0.5.20 | 31.00 | 217.00 | 248.00 | OK | |
r-oldrel-macos-arm64 | 0.5.20 | 118.00 | OK | |||
r-oldrel-macos-x86_64 | 0.5.20 | 271.00 | OK | |||
r-oldrel-windows-x86_64 | 0.5.20 | 39.00 | 305.00 | 344.00 | OK |
Version: 0.5.20
Check: Rd cross-references
Result: NOTE
Found the following Rd file(s) with Rd \link{} targets missing package
anchors:
equidistPoints.Rd: approx2
pointsMap.Rd: openmap
randomPoints.Rd: distance
Please provide package anchors for all Rd \link{} targets not in the
package itself and the base packages.
Flavors: r-devel-linux-x86_64-debian-clang, r-devel-linux-x86_64-debian-gcc, r-devel-windows-x86_64