CRAN Package Check Results for Package OddsPlotty

Last updated on 2025-01-19 05:49:15 CET.

Flavor Version Tinstall Tcheck Ttotal Status Flags
r-devel-linux-x86_64-debian-clang 1.0.2 4.99 53.33 58.32 OK
r-devel-linux-x86_64-debian-gcc 1.0.2 3.72 40.56 44.28 OK
r-devel-linux-x86_64-fedora-clang 1.0.2 97.23 NOTE
r-devel-linux-x86_64-fedora-gcc 1.0.2 104.15 NOTE
r-devel-windows-x86_64 1.0.2 7.00 68.00 75.00 OK
r-patched-linux-x86_64 1.0.2 3.83 50.26 54.09 OK
r-release-linux-x86_64 1.0.2 4.49 50.85 55.34 OK
r-release-macos-arm64 1.0.2 39.00 OK
r-release-macos-x86_64 1.0.2 62.00 OK
r-release-windows-x86_64 1.0.2 6.00 68.00 74.00 OK
r-oldrel-macos-arm64 1.0.2 43.00 OK
r-oldrel-macos-x86_64 1.0.2 58.00 OK
r-oldrel-windows-x86_64 1.0.2 9.00 79.00 88.00 OK

Check Details

Version: 1.0.2
Check: dependencies in R code
Result: NOTE Namespaces in Imports field not imported from: ‘caret’ ‘e1071’ ‘ggthemes’ ‘mlbench’ ‘rmarkdown’ ‘tidymodels’ All declared Imports should be used. Flavors: r-devel-linux-x86_64-fedora-clang, r-devel-linux-x86_64-fedora-gcc