Last updated on 2024-05-01 16:53:03 CEST.
Flavor | Version | Tinstall | Tcheck | Ttotal | Status | Flags |
---|---|---|---|---|---|---|
r-devel-linux-x86_64-debian-clang | 1.0.1 | 17.12 | 89.68 | 106.80 | OK | |
r-devel-linux-x86_64-debian-gcc | 1.0.1 | 11.87 | 69.18 | 81.05 | OK | |
r-devel-linux-x86_64-fedora-clang | 1.0.1 | 135.08 | NOTE | |||
r-devel-linux-x86_64-fedora-gcc | 1.0.1 | 133.11 | OK | |||
r-devel-windows-x86_64 | 1.0.1 | 14.00 | 80.00 | 94.00 | NOTE | |
r-patched-linux-x86_64 | 1.0.1 | 9.50 | 86.40 | 95.90 | OK | |
r-release-linux-x86_64 | 1.0.1 | 9.22 | 86.72 | 95.94 | OK | |
r-release-macos-arm64 | 1.0.1 | 45.00 | NOTE | |||
r-release-macos-x86_64 | 1.0.1 | 104.00 | NOTE | |||
r-release-windows-x86_64 | 1.0.1 | 16.00 | 83.00 | 99.00 | NOTE | |
r-oldrel-macos-arm64 | 1.0.1 | 65.00 | NOTE | |||
r-oldrel-macos-x86_64 | 1.0.1 | 130.00 | NOTE | |||
r-oldrel-windows-x86_64 | 1.0.1 | 18.00 | 96.00 | 114.00 | NOTE |
Version: 1.0.1
Check: installed package size
Result: NOTE
installed size is 5.1Mb
sub-directories of 1Mb or more:
data 4.7Mb
Flavors: r-devel-linux-x86_64-fedora-clang, r-devel-windows-x86_64, r-release-macos-arm64, r-release-macos-x86_64, r-release-windows-x86_64, r-oldrel-macos-arm64, r-oldrel-macos-x86_64, r-oldrel-windows-x86_64