CRAN Package Check Results for Package OpenImageR

Last updated on 2020-10-24 12:49:28 CEST.

Flavor Version Tinstall Tcheck Ttotal Status Flags
r-devel-linux-x86_64-debian-clang 1.1.7 61.23 97.96 159.19 OK
r-devel-linux-x86_64-debian-gcc 1.1.7 46.70 72.28 118.98 OK
r-devel-linux-x86_64-fedora-clang 1.1.7 215.90 NOTE
r-devel-linux-x86_64-fedora-gcc 1.1.7 216.53 OK
r-devel-windows-ix86+x86_64 1.1.7 131.00 191.00 322.00 NOTE
r-patched-linux-x86_64 1.1.7 63.08 89.58 152.66 OK
r-patched-solaris-x86 1.1.7 276.40 OK
r-release-linux-x86_64 1.1.7 56.28 89.97 146.25 OK
r-release-macos-x86_64 1.1.7 NOTE
r-release-windows-ix86+x86_64 1.1.7 130.00 178.00 308.00 NOTE
r-oldrel-macos-x86_64 1.1.7 NOTE
r-oldrel-windows-ix86+x86_64 1.1.7 123.00 189.00 312.00 NOTE

Check Details

Version: 1.1.7
Check: installed package size
Result: NOTE
     installed size is 9.1Mb
     sub-directories of 1Mb or more:
     doc 2.1Mb
     libs 6.3Mb
Flavors: r-devel-linux-x86_64-fedora-clang, r-devel-windows-ix86+x86_64, r-release-macos-x86_64, r-release-windows-ix86+x86_64, r-oldrel-macos-x86_64, r-oldrel-windows-ix86+x86_64