Last updated on 2025-01-19 05:49:16 CET.
Flavor | Version | Tinstall | Tcheck | Ttotal | Status | Flags |
---|---|---|---|---|---|---|
r-devel-linux-x86_64-debian-clang | 2.21.13 | 1191.04 | 385.97 | 1577.01 | OK | |
r-devel-linux-x86_64-debian-gcc | 2.21.13 | 958.66 | 384.38 | 1343.04 | OK | |
r-devel-linux-x86_64-fedora-clang | 2.21.13 | 2528.74 | OK | |||
r-devel-linux-x86_64-fedora-gcc | 2.21.13 | 3287.70 | OK | |||
r-devel-windows-x86_64 | 2.21.13 | 1100.00 | 515.00 | 1615.00 | OK | |
r-patched-linux-x86_64 | 2.21.13 | 1319.69 | 501.36 | 1821.05 | NOTE | |
r-release-linux-x86_64 | 2.21.13 | 1307.93 | 503.10 | 1811.03 | NOTE | |
r-release-macos-arm64 | 2.21.13 | 500.00 | NOTE | |||
r-release-macos-x86_64 | 2.21.13 | 531.00 | NOTE | |||
r-release-windows-x86_64 | 2.21.13 | 1108.00 | 502.00 | 1610.00 | NOTE | |
r-oldrel-macos-arm64 | 2.21.13 | 547.00 | NOTE | |||
r-oldrel-macos-x86_64 | 2.21.13 | 569.00 | NOTE | |||
r-oldrel-windows-x86_64 | 2.21.13 | 1302.00 | 653.00 | 1955.00 | NOTE |
Version: 2.21.13
Check: for GNU extensions in Makefiles
Result: NOTE
GNU make is a SystemRequirements.
Flavors: r-patched-linux-x86_64, r-release-linux-x86_64, r-release-macos-arm64, r-release-macos-x86_64, r-release-windows-x86_64, r-oldrel-macos-arm64, r-oldrel-macos-x86_64, r-oldrel-windows-x86_64
Version: 2.21.13
Check: installed package size
Result: NOTE
installed size is 273.4Mb
sub-directories of 1Mb or more:
R 3.1Mb
data 1.4Mb
libs 261.6Mb
models 4.7Mb
Flavors: r-release-macos-arm64, r-release-macos-x86_64, r-release-windows-x86_64, r-oldrel-macos-arm64, r-oldrel-macos-x86_64, r-oldrel-windows-x86_64