Last updated on 2025-01-19 05:49:16 CET.
Flavor | Version | Tinstall | Tcheck | Ttotal | Status | Flags |
---|---|---|---|---|---|---|
r-devel-linux-x86_64-debian-clang | 1.4.0 | 15.04 | 169.31 | 184.35 | OK | |
r-devel-linux-x86_64-debian-gcc | 1.4.0 | 10.80 | 115.26 | 126.06 | OK | |
r-devel-linux-x86_64-fedora-clang | 1.4.0 | 298.78 | OK | |||
r-devel-linux-x86_64-fedora-gcc | 1.4.0 | 301.53 | OK | |||
r-devel-windows-x86_64 | 1.4.0 | 19.00 | 170.00 | 189.00 | OK | |
r-patched-linux-x86_64 | 1.4.0 | 13.79 | 156.67 | 170.46 | OK | |
r-release-linux-x86_64 | 1.4.0 | 13.72 | 157.74 | 171.46 | OK | |
r-release-macos-arm64 | 1.4.0 | 88.00 | NOTE | |||
r-release-macos-x86_64 | 1.4.0 | 143.00 | NOTE | |||
r-release-windows-x86_64 | 1.4.0 | 17.00 | 168.00 | 185.00 | NOTE | |
r-oldrel-macos-arm64 | 1.4.0 | 96.00 | NOTE | |||
r-oldrel-macos-x86_64 | 1.4.0 | 169.00 | NOTE | |||
r-oldrel-windows-x86_64 | 1.4.0 | 20.00 | 215.00 | 235.00 | NOTE |
Version: 1.4.0
Check: installed package size
Result: NOTE
installed size is 5.7Mb
sub-directories of 1Mb or more:
doc 4.1Mb
Flavors: r-release-macos-arm64, r-release-macos-x86_64, r-release-windows-x86_64, r-oldrel-macos-arm64, r-oldrel-macos-x86_64, r-oldrel-windows-x86_64