Last updated on 2024-05-01 16:53:03 CEST.
Flavor | Version | Tinstall | Tcheck | Ttotal | Status | Flags |
---|---|---|---|---|---|---|
r-devel-linux-x86_64-debian-clang | 2022.1.28 | 16.22 | 41.51 | 57.73 | OK | |
r-devel-linux-x86_64-debian-gcc | 2022.1.28 | 12.51 | 31.59 | 44.10 | OK | |
r-devel-linux-x86_64-fedora-clang | 2022.1.28 | 71.26 | NOTE | |||
r-devel-linux-x86_64-fedora-gcc | 2022.1.28 | 71.49 | NOTE | |||
r-devel-windows-x86_64 | 2022.1.28 | 14.00 | 61.00 | 75.00 | OK | |
r-patched-linux-x86_64 | 2022.1.28 | 19.13 | 40.90 | 60.03 | OK | |
r-release-linux-x86_64 | 2022.1.28 | 12.84 | 39.37 | 52.21 | OK | |
r-release-macos-arm64 | 2022.1.28 | 33.00 | OK | |||
r-release-windows-x86_64 | 2022.1.28 | 15.00 | 63.00 | 78.00 | OK | |
r-oldrel-macos-arm64 | 2022.1.28 | 38.00 | OK | |||
r-oldrel-macos-x86_64 | 2022.1.28 | 46.00 | OK | |||
r-oldrel-windows-x86_64 | 2022.1.28 | 19.00 | 67.00 | 86.00 | OK |
Version: 2022.1.28
Check: data for non-ASCII characters
Result: NOTE
Note: found 167 marked UTF-8 strings
Flavors: r-devel-linux-x86_64-fedora-clang, r-devel-linux-x86_64-fedora-gcc