Last updated on 2024-05-01 16:53:03 CEST.
Flavor | Version | Tinstall | Tcheck | Ttotal | Status | Flags |
---|---|---|---|---|---|---|
r-devel-linux-x86_64-debian-clang | 0.1.1 | 24.26 | 52.73 | 76.99 | NOTE | |
r-devel-linux-x86_64-debian-gcc | 0.1.1 | 20.18 | 37.87 | 58.05 | NOTE | |
r-devel-linux-x86_64-fedora-clang | 0.1.1 | 101.80 | NOTE | |||
r-devel-linux-x86_64-fedora-gcc | 0.1.1 | 107.52 | NOTE | |||
r-devel-windows-x86_64 | 0.1.1 | 22.00 | 78.00 | 100.00 | NOTE | |
r-patched-linux-x86_64 | 0.1.1 | 26.17 | 48.09 | 74.26 | NOTE | |
r-release-linux-x86_64 | 0.1.1 | 25.14 | 47.91 | 73.05 | NOTE | |
r-release-macos-arm64 | 0.1.1 | 27.00 | NOTE | |||
r-release-windows-x86_64 | 0.1.1 | 22.00 | 92.00 | 114.00 | NOTE | |
r-oldrel-macos-arm64 | 0.1.1 | 31.00 | NOTE | |||
r-oldrel-macos-x86_64 | 0.1.1 | 47.00 | NOTE | |||
r-oldrel-windows-x86_64 | 0.1.1 | 21.00 | 89.00 | 110.00 | NOTE |
Version: 0.1.1
Check: LazyData
Result: NOTE
'LazyData' is specified without a 'data' directory
Flavors: r-devel-linux-x86_64-debian-clang, r-devel-linux-x86_64-debian-gcc, r-devel-linux-x86_64-fedora-clang, r-devel-linux-x86_64-fedora-gcc, r-devel-windows-x86_64, r-patched-linux-x86_64, r-release-linux-x86_64, r-release-macos-arm64, r-release-windows-x86_64, r-oldrel-macos-arm64, r-oldrel-macos-x86_64, r-oldrel-windows-x86_64