Last updated on 2025-01-19 05:49:16 CET.
Flavor | Version | Tinstall | Tcheck | Ttotal | Status | Flags |
---|---|---|---|---|---|---|
r-devel-linux-x86_64-debian-clang | 0.0.4 | 13.10 | 52.52 | 65.62 | OK | |
r-devel-linux-x86_64-debian-gcc | 0.0.4 | 8.70 | 40.85 | 49.55 | OK | |
r-devel-linux-x86_64-fedora-clang | 0.0.4 | 116.65 | NOTE | |||
r-devel-linux-x86_64-fedora-gcc | 0.0.4 | 120.30 | NOTE | |||
r-devel-windows-x86_64 | 0.0.4 | 15.00 | 83.00 | 98.00 | OK | |
r-patched-linux-x86_64 | 0.0.4 | 11.44 | 50.45 | 61.89 | OK | |
r-release-linux-x86_64 | 0.0.4 | 12.11 | 50.14 | 62.25 | OK | |
r-release-macos-arm64 | 0.0.4 | 41.00 | OK | |||
r-release-macos-x86_64 | 0.0.4 | 59.00 | OK | |||
r-release-windows-x86_64 | 0.0.4 | 18.00 | 86.00 | 104.00 | OK | |
r-oldrel-macos-arm64 | 0.0.4 | 40.00 | OK | |||
r-oldrel-macos-x86_64 | 0.0.4 | 66.00 | OK | |||
r-oldrel-windows-x86_64 | 0.0.4 | 19.00 | 101.00 | 120.00 | OK |
Version: 0.0.4
Check: dependencies in R code
Result: NOTE
Namespace in Imports field not imported from: ‘reshape2’
All declared Imports should be used.
Flavors: r-devel-linux-x86_64-fedora-clang, r-devel-linux-x86_64-fedora-gcc