Last updated on 2024-05-01 16:53:03 CEST.
Flavor | Version | Tinstall | Tcheck | Ttotal | Status | Flags |
---|---|---|---|---|---|---|
r-devel-linux-x86_64-debian-clang | 0.1.0 | 4.03 | 31.23 | 35.26 | NOTE | |
r-devel-linux-x86_64-debian-gcc | 0.1.0 | 2.55 | 23.51 | 26.06 | NOTE | |
r-devel-linux-x86_64-fedora-clang | 0.1.0 | 43.23 | NOTE | |||
r-devel-linux-x86_64-fedora-gcc | 0.1.0 | 43.28 | NOTE | |||
r-devel-windows-x86_64 | 0.1.0 | 3.00 | 42.00 | 45.00 | NOTE | |
r-patched-linux-x86_64 | 0.1.0 | 4.55 | 30.28 | 34.83 | NOTE | |
r-release-linux-x86_64 | 0.1.0 | 3.91 | 29.42 | 33.33 | NOTE | |
r-release-macos-arm64 | 0.1.0 | 17.00 | NOTE | |||
r-release-windows-x86_64 | 0.1.0 | 4.00 | 41.00 | 45.00 | NOTE | |
r-oldrel-macos-arm64 | 0.1.0 | 18.00 | NOTE | |||
r-oldrel-macos-x86_64 | 0.1.0 | 24.00 | NOTE | |||
r-oldrel-windows-x86_64 | 0.1.0 | 5.00 | 43.00 | 48.00 | NOTE |
Version: 0.1.0
Check: LazyData
Result: NOTE
'LazyData' is specified without a 'data' directory
Flavors: r-devel-linux-x86_64-debian-clang, r-devel-linux-x86_64-debian-gcc, r-devel-linux-x86_64-fedora-clang, r-devel-linux-x86_64-fedora-gcc, r-devel-windows-x86_64, r-patched-linux-x86_64, r-release-linux-x86_64, r-release-macos-arm64, r-release-windows-x86_64, r-oldrel-macos-arm64, r-oldrel-macos-x86_64, r-oldrel-windows-x86_64