CRAN Package Check Results for Package PAC

Last updated on 2025-01-19 05:49:16 CET.

Flavor Version Tinstall Tcheck Ttotal Status Flags
r-devel-linux-x86_64-debian-clang 1.1.4 19.86 72.24 92.10 NOTE
r-devel-linux-x86_64-debian-gcc 1.1.4 13.11 46.52 59.63 NOTE
r-devel-linux-x86_64-fedora-clang 1.1.4 150.36 NOTE
r-devel-linux-x86_64-fedora-gcc 1.1.4 143.68 NOTE
r-devel-windows-x86_64 1.1.4 24.00 94.00 118.00 NOTE
r-patched-linux-x86_64 1.1.4 18.52 58.06 76.58 NOTE
r-release-linux-x86_64 1.1.4 18.86 57.84 76.70 NOTE
r-release-macos-arm64 1.1.4 45.00 NOTE
r-release-macos-x86_64 1.1.4 58.00 NOTE
r-release-windows-x86_64 1.1.4 25.00 95.00 120.00 NOTE
r-oldrel-macos-arm64 1.1.4 39.00 NOTE
r-oldrel-macos-x86_64 1.1.4 69.00 NOTE
r-oldrel-windows-x86_64 1.1.4 28.00 115.00 143.00 NOTE

Check Details

Version: 1.1.4
Check: C++ specification
Result: NOTE Specified C++11: please drop specification unless essential Flavors: r-devel-linux-x86_64-debian-clang, r-devel-linux-x86_64-debian-gcc, r-devel-linux-x86_64-fedora-clang, r-devel-linux-x86_64-fedora-gcc, r-devel-windows-x86_64, r-patched-linux-x86_64, r-release-linux-x86_64, r-release-macos-arm64, r-release-macos-x86_64, r-release-windows-x86_64, r-oldrel-macos-arm64, r-oldrel-macos-x86_64, r-oldrel-windows-x86_64