Last updated on 2024-04-21 12:54:05 CEST.
Flavor | Version | Tinstall | Tcheck | Ttotal | Status | Flags |
---|---|---|---|---|---|---|
r-devel-linux-x86_64-debian-clang | 1.1.4 | 33.32 | 77.17 | 110.49 | NOTE | |
r-devel-linux-x86_64-debian-gcc | 1.1.4 | 22.94 | 59.45 | 82.39 | NOTE | |
r-devel-linux-x86_64-fedora-clang | 1.1.4 | 157.26 | NOTE | |||
r-devel-linux-x86_64-fedora-gcc | 1.1.4 | 153.53 | NOTE | |||
r-prerel-macos-arm64 | 1.1.4 | 45.00 | NOTE | |||
r-prerel-windows-x86_64 | 1.1.4 | 30.00 | 95.00 | 125.00 | NOTE | |
r-patched-linux-x86_64 | 1.1.4 | 31.13 | 75.71 | 106.84 | NOTE | |
r-release-linux-x86_64 | 1.1.4 | 20.14 | 72.42 | 92.56 | NOTE | |
r-release-macos-arm64 | 1.1.4 | 39.00 | NOTE | |||
r-release-macos-x86_64 | 1.1.4 | 69.00 | NOTE | |||
r-release-windows-x86_64 | 1.1.4 | 36.00 | 110.00 | 146.00 | NOTE | |
r-oldrel-macos-arm64 | 1.1.4 | 38.00 | OK | |||
r-oldrel-windows-x86_64 | 1.1.4 | 34.00 | 109.00 | 143.00 | OK |
Version: 1.1.4
Check: C++ specification
Result: NOTE
Specified C++11: please drop specification unless essential
Flavors: r-devel-linux-x86_64-debian-clang, r-devel-linux-x86_64-debian-gcc, r-devel-linux-x86_64-fedora-clang, r-devel-linux-x86_64-fedora-gcc, r-prerel-macos-arm64, r-prerel-windows-x86_64, r-patched-linux-x86_64, r-release-linux-x86_64, r-release-macos-arm64, r-release-macos-x86_64, r-release-windows-x86_64