CRAN Package Check Results for Package PACLasso

Last updated on 2025-01-19 05:49:16 CET.

Flavor Version Tinstall Tcheck Ttotal Status Flags
r-devel-linux-x86_64-debian-clang 1.0.0 7.56 71.67 79.23 OK
r-devel-linux-x86_64-debian-gcc 1.0.0 5.39 52.78 58.17 OK
r-devel-linux-x86_64-fedora-clang 1.0.0 127.82 OK
r-devel-linux-x86_64-fedora-gcc 1.0.0 120.86 OK
r-devel-windows-x86_64 1.0.0 9.00 85.00 94.00 OK
r-patched-linux-x86_64 1.0.0 6.92 67.06 73.98 NOTE
r-release-linux-x86_64 1.0.0 6.51 67.07 73.58 NOTE
r-release-macos-arm64 1.0.0 39.00 NOTE
r-release-macos-x86_64 1.0.0 55.00 NOTE
r-release-windows-x86_64 1.0.0 7.00 84.00 91.00 NOTE
r-oldrel-macos-arm64 1.0.0 43.00 NOTE
r-oldrel-macos-x86_64 1.0.0 70.00 NOTE
r-oldrel-windows-x86_64 1.0.0 10.00 102.00 112.00 NOTE

Check Details

Version: 1.0.0
Check: LazyData
Result: NOTE 'LazyData' is specified without a 'data' directory Flavors: r-patched-linux-x86_64, r-release-linux-x86_64, r-release-macos-arm64, r-release-macos-x86_64, r-release-windows-x86_64, r-oldrel-macos-arm64, r-oldrel-macos-x86_64, r-oldrel-windows-x86_64