CRAN Package Check Results for Package PBNPA

Last updated on 2025-01-19 05:49:16 CET.

Flavor Version Tinstall Tcheck Ttotal Status Flags
r-devel-linux-x86_64-debian-clang 0.0.3 1.72 19.08 20.80 OK
r-devel-linux-x86_64-debian-gcc 0.0.3 1.29 14.70 15.99 OK
r-devel-linux-x86_64-fedora-clang 0.0.3 34.92 OK
r-devel-linux-x86_64-fedora-gcc 0.0.3 31.91 OK
r-devel-windows-x86_64 0.0.3 3.00 41.00 44.00 OK
r-patched-linux-x86_64 0.0.3 1.52 18.51 20.03 NOTE
r-release-linux-x86_64 0.0.3 1.40 18.17 19.57 NOTE
r-release-macos-arm64 0.0.3 15.00 NOTE
r-release-macos-x86_64 0.0.3 19.00 NOTE
r-release-windows-x86_64 0.0.3 5.00 43.00 48.00 NOTE
r-oldrel-macos-arm64 0.0.3 15.00 NOTE
r-oldrel-macos-x86_64 0.0.3 20.00 NOTE
r-oldrel-windows-x86_64 0.0.3 2.00 42.00 44.00 NOTE

Check Details

Version: 0.0.3
Check: LazyData
Result: NOTE 'LazyData' is specified without a 'data' directory Flavors: r-patched-linux-x86_64, r-release-linux-x86_64, r-release-macos-arm64, r-release-macos-x86_64, r-release-windows-x86_64, r-oldrel-macos-arm64, r-oldrel-macos-x86_64, r-oldrel-windows-x86_64