Last updated on 2025-01-19 05:49:16 CET.
Flavor | Version | Tinstall | Tcheck | Ttotal | Status | Flags |
---|---|---|---|---|---|---|
r-devel-linux-x86_64-debian-clang | 2.74.1 | 20.06 | 83.48 | 103.54 | OK | |
r-devel-linux-x86_64-debian-gcc | 2.74.1 | 14.83 | 57.50 | 72.33 | OK | |
r-devel-linux-x86_64-fedora-clang | 2.74.1 | 170.47 | OK | |||
r-devel-linux-x86_64-fedora-gcc | 2.74.1 | 177.70 | OK | |||
r-devel-windows-x86_64 | 2.74.1 | 29.00 | 125.00 | 154.00 | OK | |
r-patched-linux-x86_64 | 2.74.1 | 24.62 | 77.47 | 102.09 | OK | |
r-release-linux-x86_64 | 2.74.1 | 20.79 | 78.39 | 99.18 | OK | |
r-release-macos-arm64 | 2.74.1 | 73.00 | NOTE | |||
r-release-macos-x86_64 | 2.74.1 | 151.00 | NOTE | |||
r-release-windows-x86_64 | 2.74.1 | 27.00 | 128.00 | 155.00 | NOTE | |
r-oldrel-macos-arm64 | 2.74.1 | 78.00 | NOTE | |||
r-oldrel-macos-x86_64 | 2.74.1 | 128.00 | NOTE | |||
r-oldrel-windows-x86_64 | 2.74.1 | 30.00 | 154.00 | 184.00 | NOTE |
Version: 2.74.1
Check: installed package size
Result: NOTE
installed size is 6.8Mb
sub-directories of 1Mb or more:
data 2.7Mb
doc 1.2Mb
libs 1.4Mb
Flavors: r-release-macos-arm64, r-release-macos-x86_64, r-release-windows-x86_64, r-oldrel-macos-arm64, r-oldrel-macos-x86_64, r-oldrel-windows-x86_64