Last updated on 2025-01-19 05:49:16 CET.
Flavor | Version | Tinstall | Tcheck | Ttotal | Status | Flags |
---|---|---|---|---|---|---|
r-devel-linux-x86_64-debian-clang | 0.0.1 | 64.86 | 64.38 | 129.24 | OK | |
r-devel-linux-x86_64-debian-gcc | 0.0.1 | 53.96 | 52.21 | 106.17 | OK | |
r-devel-linux-x86_64-fedora-clang | 0.0.1 | 221.46 | OK | |||
r-devel-linux-x86_64-fedora-gcc | 0.0.1 | 281.15 | OK | |||
r-devel-windows-x86_64 | 0.0.1 | 56.00 | 96.00 | 152.00 | OK | |
r-patched-linux-x86_64 | 0.0.1 | 73.02 | 65.88 | 138.90 | OK | |
r-release-linux-x86_64 | 0.0.1 | 79.53 | 64.66 | 144.19 | OK | |
r-release-macos-arm64 | 0.0.1 | 53.00 | NOTE | |||
r-release-macos-x86_64 | 0.0.1 | 92.00 | NOTE | |||
r-release-windows-x86_64 | 0.0.1 | 58.00 | 97.00 | 155.00 | OK | |
r-oldrel-macos-arm64 | 0.0.1 | 82.00 | NOTE | |||
r-oldrel-macos-x86_64 | 0.0.1 | 114.00 | NOTE | |||
r-oldrel-windows-x86_64 | 0.0.1 | 62.00 | 123.00 | 185.00 | OK |
Version: 0.0.1
Check: installed package size
Result: NOTE
installed size is 36.6Mb
sub-directories of 1Mb or more:
libs 36.4Mb
Flavors: r-release-macos-arm64, r-release-macos-x86_64, r-oldrel-macos-arm64, r-oldrel-macos-x86_64