CRAN Package Check Results for Package PDMIF

Last updated on 2025-01-19 05:49:16 CET.

Flavor Version Tinstall Tcheck Ttotal Status Flags
r-devel-linux-x86_64-debian-clang 0.1.0 5.83 52.53 58.36 OK
r-devel-linux-x86_64-debian-gcc 0.1.0 4.09 34.16 38.25 OK
r-devel-linux-x86_64-fedora-clang 0.1.0 93.33 NOTE
r-devel-linux-x86_64-fedora-gcc 0.1.0 87.17 NOTE
r-devel-windows-x86_64 0.1.0 8.00 71.00 79.00 OK
r-patched-linux-x86_64 0.1.0 5.03 49.71 54.74 OK
r-release-linux-x86_64 0.1.0 5.01 48.03 53.04 OK
r-release-macos-arm64 0.1.0 27.00 OK
r-release-macos-x86_64 0.1.0 42.00 OK
r-release-windows-x86_64 0.1.0 8.00 70.00 78.00 OK
r-oldrel-macos-arm64 0.1.0 30.00 OK
r-oldrel-macos-x86_64 0.1.0 47.00 OK
r-oldrel-windows-x86_64 0.1.0 7.00 83.00 90.00 OK

Check Details

Version: 0.1.0
Check: dependencies in R code
Result: NOTE Namespace in Imports field not imported from: ‘ncvreg’ All declared Imports should be used. Flavors: r-devel-linux-x86_64-fedora-clang, r-devel-linux-x86_64-fedora-gcc