Last updated on 2024-05-01 16:53:04 CEST.
Flavor | Version | Tinstall | Tcheck | Ttotal | Status | Flags |
---|---|---|---|---|---|---|
r-devel-linux-x86_64-debian-clang | 0.1.0 | 6.04 | 68.59 | 74.63 | OK | |
r-devel-linux-x86_64-debian-gcc | 0.1.0 | 5.42 | 48.32 | 53.74 | OK | |
r-devel-linux-x86_64-fedora-clang | 0.1.0 | 90.65 | NOTE | |||
r-devel-linux-x86_64-fedora-gcc | 0.1.0 | 83.68 | NOTE | |||
r-devel-windows-x86_64 | 0.1.0 | 7.00 | 70.00 | 77.00 | OK | |
r-patched-linux-x86_64 | 0.1.0 | 6.30 | 62.78 | 69.08 | OK | |
r-release-linux-x86_64 | 0.1.0 | 7.41 | 63.24 | 70.65 | OK | |
r-release-macos-arm64 | 0.1.0 | 27.00 | OK | |||
r-release-windows-x86_64 | 0.1.0 | 8.00 | 69.00 | 77.00 | OK | |
r-oldrel-macos-arm64 | 0.1.0 | 30.00 | OK | |||
r-oldrel-macos-x86_64 | 0.1.0 | 47.00 | OK | |||
r-oldrel-windows-x86_64 | 0.1.0 | 10.00 | 81.00 | 91.00 | OK |
Version: 0.1.0
Check: dependencies in R code
Result: NOTE
Namespace in Imports field not imported from: ‘ncvreg’
All declared Imports should be used.
Flavors: r-devel-linux-x86_64-fedora-clang, r-devel-linux-x86_64-fedora-gcc