CRAN Package Check Results for Package PDN

Last updated on 2025-01-19 05:49:16 CET.

Flavor Version Tinstall Tcheck Ttotal Status Flags
r-devel-linux-x86_64-debian-clang 0.1.0 8.70 122.33 131.03 OK
r-devel-linux-x86_64-debian-gcc 0.1.0 6.99 81.73 88.72 OK
r-devel-linux-x86_64-fedora-clang 0.1.0 210.08 NOTE
r-devel-linux-x86_64-fedora-gcc 0.1.0 211.94 NOTE
r-devel-windows-x86_64 0.1.0 10.00 113.00 123.00 OK
r-patched-linux-x86_64 0.1.0 7.17 110.90 118.07 OK
r-release-linux-x86_64 0.1.0 8.03 110.04 118.07 OK
r-release-macos-arm64 0.1.0 56.00 OK
r-release-macos-x86_64 0.1.0 104.00 OK
r-release-windows-x86_64 0.1.0 10.00 114.00 124.00 OK
r-oldrel-macos-arm64 0.1.0 63.00 OK
r-oldrel-macos-x86_64 0.1.0 106.00 OK
r-oldrel-windows-x86_64 0.1.0 11.00 147.00 158.00 OK

Check Details

Version: 0.1.0
Check: dependencies in R code
Result: NOTE Namespace in Imports field not imported from: ‘glmnet’ All declared Imports should be used. Flavors: r-devel-linux-x86_64-fedora-clang, r-devel-linux-x86_64-fedora-gcc