Last updated on 2024-05-01 16:53:04 CEST.
Flavor | Version | Tinstall | Tcheck | Ttotal | Status | Flags |
---|---|---|---|---|---|---|
r-devel-linux-x86_64-debian-clang | 1.2.0 | 14.44 | 172.39 | 186.83 | NOTE | |
r-devel-linux-x86_64-debian-gcc | 1.2.0 | 12.76 | 122.07 | 134.83 | NOTE | |
r-devel-linux-x86_64-fedora-clang | 1.2.0 | 224.08 | NOTE | |||
r-devel-linux-x86_64-fedora-gcc | 1.2.0 | 214.03 | NOTE | |||
r-devel-windows-x86_64 | 1.2.0 | 14.00 | 141.00 | 155.00 | NOTE | |
r-patched-linux-x86_64 | 1.2.0 | 10.30 | 159.89 | 170.19 | NOTE | |
r-release-linux-x86_64 | 1.2.0 | 9.52 | 161.72 | 171.24 | NOTE | |
r-release-macos-arm64 | 1.2.0 | 58.00 | NOTE | |||
r-release-windows-x86_64 | 1.2.0 | 16.00 | 139.00 | 155.00 | NOTE | |
r-oldrel-macos-arm64 | 1.2.0 | 64.00 | OK | |||
r-oldrel-macos-x86_64 | 1.2.0 | 162.00 | OK | |||
r-oldrel-windows-x86_64 | 1.2.0 | 19.00 | 179.00 | 198.00 | OK |
Version: 1.2.0
Check: Rd files
Result: NOTE
checkRd: (-1) embedded.blocks.Rd:39: Lost braces
39 | \item{miv.threshold}{MIV (marginal information value) entrance threshold applicable only for code{"stepMIV"} method.
| ^
checkRd: (-1) embedded.blocks.Rd:44: Lost braces
44 | \item{m.ch.p.val}{Significance level of p-value for marginal chi-square test applicable only for code{"stepMIV"} method.
| ^
checkRd: (-1) ensemble.blocks.Rd:39: Lost braces
39 | \item{miv.threshold}{MIV (marginal information value) entrance threshold applicable only for code{"stepMIV"} method.
| ^
checkRd: (-1) ensemble.blocks.Rd:44: Lost braces
44 | \item{m.ch.p.val}{Significance level of p-value for marginal chi-square test applicable only for code{"stepMIV"} method.
| ^
checkRd: (-1) staged.blocks.Rd:39: Lost braces
39 | \item{miv.threshold}{MIV (marginal information value) entrance threshold applicable only for code{"stepMIV"} method.
| ^
checkRd: (-1) staged.blocks.Rd:44: Lost braces
44 | \item{m.ch.p.val}{Significance level of p-value for marginal chi-square test applicable only for code{"stepMIV"} method.
| ^
Flavors: r-devel-linux-x86_64-debian-clang, r-devel-linux-x86_64-debian-gcc, r-devel-linux-x86_64-fedora-clang, r-devel-linux-x86_64-fedora-gcc, r-devel-windows-x86_64, r-patched-linux-x86_64, r-release-linux-x86_64, r-release-macos-arm64, r-release-windows-x86_64