Last updated on 2025-01-19 05:49:16 CET.
Flavor | Version | Tinstall | Tcheck | Ttotal | Status | Flags |
---|---|---|---|---|---|---|
r-devel-linux-x86_64-debian-clang | 0.1.2 | 18.44 | 996.79 | 1015.23 | OK | |
r-devel-linux-x86_64-debian-gcc | 0.1.2 | 15.23 | 497.52 | 512.75 | OK | |
r-devel-linux-x86_64-fedora-clang | 0.1.2 | 1431.61 | OK | |||
r-devel-linux-x86_64-fedora-gcc | 0.1.2 | 1355.91 | OK | |||
r-devel-windows-x86_64 | 0.1.2 | 18.00 | 687.00 | 705.00 | OK | |
r-patched-linux-x86_64 | 0.1.2 | 18.81 | 837.41 | 856.22 | OK | |
r-release-linux-x86_64 | 0.1.2 | 17.94 | 931.74 | 949.68 | OK | |
r-release-macos-arm64 | 0.1.2 | 283.00 | NOTE | |||
r-release-macos-x86_64 | 0.1.2 | 577.00 | NOTE | |||
r-release-windows-x86_64 | 0.1.2 | 21.00 | 722.00 | 743.00 | OK | |
r-oldrel-macos-arm64 | 0.1.2 | 342.00 | NOTE | |||
r-oldrel-macos-x86_64 | 0.1.2 | 734.00 | NOTE | |||
r-oldrel-windows-x86_64 | 0.1.2 | 22.00 | 1036.00 | 1058.00 | OK |
Version: 0.1.2
Check: installed package size
Result: NOTE
installed size is 5.1Mb
sub-directories of 1Mb or more:
data 2.1Mb
doc 2.0Mb
Flavors: r-release-macos-arm64, r-release-macos-x86_64, r-oldrel-macos-arm64, r-oldrel-macos-x86_64