Last updated on 2024-05-01 16:53:05 CEST.
Flavor | Version | Tinstall | Tcheck | Ttotal | Status | Flags |
---|---|---|---|---|---|---|
r-devel-linux-x86_64-debian-clang | 0.1.2 | 17.65 | 1203.75 | 1221.40 | OK | |
r-devel-linux-x86_64-debian-gcc | 0.1.2 | 16.29 | 794.89 | 811.18 | OK | |
r-devel-linux-x86_64-fedora-clang | 0.1.2 | 1507.40 | OK | |||
r-devel-linux-x86_64-fedora-gcc | 0.1.2 | 1439.20 | OK | |||
r-devel-windows-x86_64 | 0.1.2 | 17.00 | 704.00 | 721.00 | OK | |
r-patched-linux-x86_64 | 0.1.2 | 14.84 | 1194.47 | 1209.31 | OK | |
r-release-linux-x86_64 | 0.1.2 | 14.53 | 1211.55 | 1226.08 | OK | |
r-release-macos-arm64 | 0.1.2 | 283.00 | NOTE | |||
r-release-windows-x86_64 | 0.1.2 | 18.00 | 719.00 | 737.00 | OK | |
r-oldrel-macos-arm64 | 0.1.2 | 342.00 | NOTE | |||
r-oldrel-macos-x86_64 | 0.1.2 | 734.00 | NOTE | |||
r-oldrel-windows-x86_64 | 0.1.2 | 24.00 | 1003.00 | 1027.00 | OK |
Version: 0.1.2
Check: installed package size
Result: NOTE
installed size is 5.1Mb
sub-directories of 1Mb or more:
data 2.1Mb
doc 2.0Mb
Flavors: r-release-macos-arm64, r-oldrel-macos-arm64, r-oldrel-macos-x86_64